Last updated on 2024-06-29 06:49:52 CEST.
Flavor | Version | Tinstall | Tcheck | Ttotal | Status | Flags |
---|---|---|---|---|---|---|
r-devel-linux-x86_64-debian-clang | 1.0.1 | 9.11 | 156.58 | 165.69 | OK | |
r-devel-linux-x86_64-debian-gcc | 1.0.1 | 7.49 | 117.30 | 124.79 | OK | |
r-devel-linux-x86_64-fedora-clang | 1.0.1 | 206.45 | NOTE | |||
r-devel-linux-x86_64-fedora-gcc | 1.0.1 | 217.15 | NOTE | |||
r-devel-windows-x86_64 | 1.0.1 | 10.00 | 148.00 | 158.00 | OK | |
r-patched-linux-x86_64 | 1.0.1 | 9.61 | 150.56 | 160.17 | OK | |
r-release-linux-x86_64 | 1.0.1 | 5.85 | 151.35 | 157.20 | OK | |
r-release-macos-arm64 | 1.0.1 | 98.00 | OK | |||
r-release-macos-x86_64 | 1.0.1 | 177.00 | OK | |||
r-release-windows-x86_64 | 1.0.1 | 11.00 | 148.00 | 159.00 | OK | |
r-oldrel-macos-arm64 | 1.0.1 | 107.00 | NOTE | |||
r-oldrel-macos-x86_64 | 1.0.1 | 171.00 | NOTE | |||
r-oldrel-windows-x86_64 | 1.0.1 | 12.00 | 176.00 | 188.00 | OK |
Version: 1.0.1
Check: data for non-ASCII characters
Result: NOTE
Note: found 12 marked UTF-8 strings
Flavors: r-devel-linux-x86_64-fedora-clang, r-devel-linux-x86_64-fedora-gcc
Version: 1.0.1
Check: package dependencies
Result: NOTE
Packages suggested but not available for checking:
'BiocPkgTools', 'biocViews'
Flavors: r-oldrel-macos-arm64, r-oldrel-macos-x86_64
Version: 1.0.1
Check: Rd cross-references
Result: NOTE
Packages unavailable to check Rd xrefs: ‘BiocPkgTools’, ‘biocViews’
Flavors: r-oldrel-macos-arm64, r-oldrel-macos-x86_64