Last updated on 2025-11-26 05:51:49 CET.
| Flavor | Version | Tinstall | Tcheck | Ttotal | Status | Flags |
|---|---|---|---|---|---|---|
| r-devel-linux-x86_64-debian-clang | 0.1.2 | 2.23 | 34.73 | 36.96 | NOTE | |
| r-devel-linux-x86_64-debian-gcc | 0.1.2 | 2.26 | 26.62 | 28.88 | NOTE | |
| r-devel-linux-x86_64-fedora-clang | 0.1.2 | 57.99 | NOTE | |||
| r-devel-linux-x86_64-fedora-gcc | 0.1.2 | 56.92 | NOTE | |||
| r-devel-windows-x86_64 | 0.1.2 | 8.00 | 51.00 | 59.00 | NOTE | |
| r-patched-linux-x86_64 | 0.1.2 | 3.42 | 33.29 | 36.71 | NOTE | |
| r-release-linux-x86_64 | 0.1.2 | 3.07 | 33.41 | 36.48 | NOTE | |
| r-release-macos-arm64 | 0.1.2 | NOTE | ||||
| r-release-macos-x86_64 | 0.1.2 | 3.00 | 34.00 | 37.00 | NOTE | |
| r-release-windows-x86_64 | 0.1.2 | 5.00 | 58.00 | 63.00 | NOTE | |
| r-oldrel-macos-arm64 | 0.1.2 | NOTE | ||||
| r-oldrel-macos-x86_64 | 0.1.2 | 2.00 | 27.00 | 29.00 | NOTE | |
| r-oldrel-windows-x86_64 | 0.1.2 | 4.00 | 61.00 | 65.00 | NOTE |
Version: 0.1.2
Check: CRAN incoming feasibility
Result: NOTE
Maintainer: ‘Parker Holzer <parker.holzer@yale.edu>’
No Authors@R field in DESCRIPTION.
Please add one, modifying
Authors@R: person(given = "Parker",
family = "Holzer",
role = c("aut", "cre"),
email = "parker.holzer@yale.edu")
as necessary.
The Description field contains
<arXiv:2005.14083>, which is a particular application of the radial
al. (2020) <arXiv:2005.14083> when publishing results that use this
Please refer to arXiv e-prints via their arXiv DOI <doi:10.48550/arXiv.YYMM.NNNNN>.
Flavors: r-devel-linux-x86_64-debian-clang, r-devel-linux-x86_64-debian-gcc
Version: 0.1.2
Check: package subdirectories
Result: NOTE
Problems with news in ‘NEWS.md’:
No news entries found.
Flavors: r-devel-linux-x86_64-debian-clang, r-devel-linux-x86_64-debian-gcc, r-devel-linux-x86_64-fedora-clang, r-devel-linux-x86_64-fedora-gcc, r-devel-windows-x86_64, r-patched-linux-x86_64, r-release-linux-x86_64, r-release-macos-arm64, r-release-macos-x86_64, r-release-windows-x86_64, r-oldrel-macos-arm64, r-oldrel-macos-x86_64, r-oldrel-windows-x86_64