Last updated on 2025-02-05 17:50:07 CET.
Flavor | Version | Tinstall | Tcheck | Ttotal | Status | Flags |
---|---|---|---|---|---|---|
r-devel-linux-x86_64-debian-clang | 0.9.7.1 | 9.55 | 56.48 | 66.03 | NOTE | |
r-devel-linux-x86_64-debian-gcc | 0.9.7.1 | 6.63 | 40.83 | 47.46 | NOTE | |
r-devel-linux-x86_64-fedora-clang | 0.9.7.1 | 105.14 | NOTE | |||
r-devel-linux-x86_64-fedora-gcc | 0.9.7.1 | 101.75 | NOTE | |||
r-devel-windows-x86_64 | 0.9.7.1 | 15.00 | 77.00 | 92.00 | NOTE | |
r-patched-linux-x86_64 | 0.9.7.1 | 10.23 | 53.35 | 63.58 | NOTE | |
r-release-linux-x86_64 | 0.9.7.1 | 9.59 | 54.05 | 63.64 | NOTE | |
r-release-macos-arm64 | 0.9.7.1 | 32.00 | NOTE | |||
r-release-macos-x86_64 | 0.9.7.1 | 47.00 | NOTE | |||
r-release-windows-x86_64 | 0.9.7.1 | 14.00 | 77.00 | 91.00 | NOTE | |
r-oldrel-macos-arm64 | 0.9.7.1 | 31.00 | OK | |||
r-oldrel-macos-x86_64 | 0.9.7.1 | 43.00 | OK | |||
r-oldrel-windows-x86_64 | 0.9.7.1 | 16.00 | 81.00 | 97.00 | OK |
Version: 0.9.7.1
Check: Rd files
Result: NOTE
checkRd: (-1) RUVIII.Rd:51: Lost braces
51 | If code{return.info} is \code{TRUE}, a list is returned that contains:
| ^
Flavors: r-devel-linux-x86_64-debian-clang, r-devel-linux-x86_64-debian-gcc, r-devel-linux-x86_64-fedora-clang, r-devel-linux-x86_64-fedora-gcc, r-devel-windows-x86_64, r-patched-linux-x86_64, r-release-linux-x86_64, r-release-macos-arm64, r-release-macos-x86_64, r-release-windows-x86_64