Last updated on 2024-06-15 17:57:43 CEST.
Flavor | Version | Tinstall | Tcheck | Ttotal | Status | Flags |
---|---|---|---|---|---|---|
r-devel-linux-x86_64-debian-clang | 0.5.1 | 224.62 | 158.45 | 383.07 | NOTE | |
r-devel-linux-x86_64-debian-gcc | 0.5.1 | 156.24 | 115.01 | 271.25 | NOTE | |
r-devel-linux-x86_64-fedora-clang | 0.5.1 | 546.42 | NOTE | |||
r-devel-linux-x86_64-fedora-gcc | 0.5.1 | 550.49 | NOTE | |||
r-devel-windows-x86_64 | 0.5.1 | 179.00 | 146.00 | 325.00 | NOTE | |
r-patched-linux-x86_64 | 0.5.1 | 179.26 | 154.32 | 333.58 | NOTE | |
r-release-linux-x86_64 | 0.5.1 | 184.46 | 153.53 | 337.99 | NOTE | |
r-release-macos-arm64 | 0.5.1 | 111.00 | NOTE | |||
r-release-macos-x86_64 | 0.5.1 | 137.00 | NOTE | |||
r-release-windows-x86_64 | 0.5.1 | 183.00 | 151.00 | 334.00 | NOTE | |
r-oldrel-macos-arm64 | 0.5.1 | 135.00 | NOTE | |||
r-oldrel-macos-x86_64 | 0.5.1 | 229.00 | NOTE | |||
r-oldrel-windows-x86_64 | 0.5.1 | 222.00 | 189.00 | 411.00 | NOTE |
Version: 0.5.1
Check: C++ specification
Result: NOTE
Specified C++11: please drop specification unless essential
Flavors: r-devel-linux-x86_64-debian-clang, r-devel-linux-x86_64-debian-gcc, r-devel-linux-x86_64-fedora-clang, r-devel-linux-x86_64-fedora-gcc, r-devel-windows-x86_64, r-patched-linux-x86_64, r-release-linux-x86_64, r-release-macos-arm64, r-release-macos-x86_64, r-release-windows-x86_64, r-oldrel-macos-arm64, r-oldrel-macos-x86_64, r-oldrel-windows-x86_64
Version: 0.5.1
Check: whether startup messages can be suppressed
Result: NOTE
OMP: Warning #96: Cannot form a team with 24 threads, using 2 instead.
OMP: Hint Consider unsetting KMP_DEVICE_THREAD_LIMIT (KMP_ALL_THREADS), KMP_TEAMS_THREAD_LIMIT, and OMP_THREAD_LIMIT (if any are set).
It looks like this package (or a package it requires) has a startup
message which cannot be suppressed: see ?packageStartupMessage.
Flavor: r-devel-linux-x86_64-fedora-clang
Version: 0.5.1
Check: dependencies in R code
Result: NOTE
Namespace in Imports field not imported from: ‘MatrixExtra’
All declared Imports should be used.
Flavors: r-devel-linux-x86_64-fedora-clang, r-devel-linux-x86_64-fedora-gcc
Version: 0.5.1
Check: installed package size
Result: NOTE
installed size is 9.6Mb
sub-directories of 1Mb or more:
libs 8.9Mb
Flavors: r-release-macos-arm64, r-release-macos-x86_64, r-oldrel-macos-arm64, r-oldrel-macos-x86_64