Last updated on 2024-06-15 17:57:43 CEST.
Flavor | Version | Tinstall | Tcheck | Ttotal | Status | Flags |
---|---|---|---|---|---|---|
r-devel-linux-x86_64-debian-clang | 0.6.6 | 7.31 | 74.77 | 82.08 | NOTE | |
r-devel-linux-x86_64-debian-gcc | 0.6.6 | 6.04 | 55.43 | 61.47 | NOTE | |
r-devel-linux-x86_64-fedora-clang | 0.6.6 | 104.09 | NOTE | |||
r-devel-linux-x86_64-fedora-gcc | 0.6.6 | 109.98 | NOTE | |||
r-devel-windows-x86_64 | 0.6.6 | 9.00 | 78.00 | 87.00 | NOTE | |
r-patched-linux-x86_64 | 0.6.6 | 12.06 | 70.30 | 82.36 | NOTE | |
r-release-linux-x86_64 | 0.6.6 | 6.98 | 71.26 | 78.24 | NOTE | |
r-release-macos-arm64 | 0.6.6 | 50.00 | NOTE | |||
r-release-macos-x86_64 | 0.6.6 | 54.00 | NOTE | |||
r-release-windows-x86_64 | 0.6.6 | 10.00 | 80.00 | 90.00 | NOTE | |
r-oldrel-macos-arm64 | 0.6.6 | 40.00 | NOTE | |||
r-oldrel-macos-x86_64 | 0.6.6 | 60.00 | NOTE | |||
r-oldrel-windows-x86_64 | 0.6.6 | 12.00 | 91.00 | 103.00 | NOTE |
Version: 0.6.6
Check: LazyData
Result: NOTE
'LazyData' is specified without a 'data' directory
Flavors: r-devel-linux-x86_64-debian-clang, r-devel-linux-x86_64-debian-gcc, r-devel-linux-x86_64-fedora-clang, r-devel-linux-x86_64-fedora-gcc, r-devel-windows-x86_64, r-patched-linux-x86_64, r-release-linux-x86_64, r-release-macos-arm64, r-release-macos-x86_64, r-release-windows-x86_64, r-oldrel-macos-arm64, r-oldrel-macos-x86_64, r-oldrel-windows-x86_64