CRAN Package Check Results for Package rscontract

Last updated on 2025-02-10 17:49:21 CET.

Flavor Version Tinstall Tcheck Ttotal Status Flags
r-devel-linux-x86_64-debian-clang 0.1.2 1.88 18.54 20.42 OK
r-devel-linux-x86_64-debian-gcc 0.1.2 1.44 14.76 16.20 OK
r-devel-linux-x86_64-fedora-clang 0.1.2 32.65 OK
r-devel-linux-x86_64-fedora-gcc 0.1.2 30.46 OK
r-devel-windows-x86_64 0.1.2 4.00 41.00 45.00 OK
r-patched-linux-x86_64 0.1.2 1.83 17.65 19.48 NOTE
r-release-linux-x86_64 0.1.2 1.60 17.93 19.53 NOTE
r-release-macos-arm64 0.1.2 21.00 NOTE
r-release-macos-x86_64 0.1.2 22.00 NOTE
r-release-windows-x86_64 0.1.2 3.00 42.00 45.00 NOTE
r-oldrel-macos-arm64 0.1.2 15.00 NOTE
r-oldrel-macos-x86_64 0.1.2 20.00 NOTE
r-oldrel-windows-x86_64 0.1.2 3.00 45.00 48.00 NOTE

Check Details

Version: 0.1.2
Check: LazyData
Result: NOTE 'LazyData' is specified without a 'data' directory Flavors: r-patched-linux-x86_64, r-release-linux-x86_64, r-release-macos-arm64, r-release-macos-x86_64, r-release-windows-x86_64, r-oldrel-macos-arm64, r-oldrel-macos-x86_64, r-oldrel-windows-x86_64