Last updated on 2024-08-16 06:50:10 CEST.
Flavor | Version | Tinstall | Tcheck | Ttotal | Status | Flags |
---|---|---|---|---|---|---|
r-devel-linux-x86_64-debian-clang | 0.3.12 | 13.87 | 89.43 | 103.30 | NOTE | |
r-devel-linux-x86_64-debian-gcc | 0.3.12 | 10.09 | 60.98 | 71.07 | NOTE | |
r-devel-linux-x86_64-fedora-clang | 0.3.12 | 165.81 | OK | |||
r-devel-linux-x86_64-fedora-gcc | 0.3.12 | 154.13 | OK | |||
r-devel-windows-x86_64 | 0.3.12 | 14.00 | 105.00 | 119.00 | NOTE | |
r-patched-linux-x86_64 | 0.3.12 | 20.93 | 84.71 | 105.64 | OK | |
r-release-linux-x86_64 | 0.3.12 | 11.80 | 84.61 | 96.41 | OK | |
r-release-macos-arm64 | 0.3.12 | 48.00 | OK | |||
r-release-macos-x86_64 | 0.3.12 | 98.00 | OK | |||
r-release-windows-x86_64 | 0.3.12 | 16.00 | 106.00 | 122.00 | OK | |
r-oldrel-macos-arm64 | 0.3.12 | 48.00 | OK | |||
r-oldrel-macos-x86_64 | 0.3.12 | 73.00 | NOTE | |||
r-oldrel-windows-x86_64 | 0.3.12 | 20.00 | 127.00 | 147.00 | OK |
Version: 0.3.12
Check: Rd cross-references
Result: NOTE
Found the following Rd file(s) with Rd \link{} targets missing package
anchors:
fanova.Rd: leveneTest, lmer, Anova
formatPvalue.Rd: noZero, formatCI
formatR.Rd: noZero, formatCI
ggBoxplot.Rd: ggplot, geom_boxplot
ggqq.Rd: ggplot
oneway.Rd: leveneTest
Please provide package anchors for all Rd \link{} targets not in the
package itself and the base packages.
Flavors: r-devel-linux-x86_64-debian-clang, r-devel-linux-x86_64-debian-gcc, r-devel-windows-x86_64
Version: 0.3.12
Check: package dependencies
Result: NOTE
Package suggested but not available for checking: ‘MBESS’
Flavor: r-oldrel-macos-x86_64