Last updated on 2025-02-10 17:49:21 CET.
Flavor | Version | Tinstall | Tcheck | Ttotal | Status | Flags |
---|---|---|---|---|---|---|
r-devel-linux-x86_64-debian-clang | 0.3.1 | 4.48 | 75.60 | 80.08 | NOTE | |
r-devel-linux-x86_64-debian-gcc | 0.3.1 | 3.37 | 55.96 | 59.33 | NOTE | |
r-devel-linux-x86_64-fedora-clang | 0.3.1 | 127.94 | OK | |||
r-devel-linux-x86_64-fedora-gcc | 0.3.1 | 133.58 | OK | |||
r-devel-windows-x86_64 | 0.3.1 | 5.00 | 108.00 | 113.00 | NOTE | |
r-patched-linux-x86_64 | 0.3.1 | 10.04 | 69.85 | 79.89 | OK | |
r-release-linux-x86_64 | 0.3.1 | 3.96 | 70.40 | 74.36 | OK | |
r-release-macos-arm64 | 0.3.1 | 46.00 | OK | |||
r-release-macos-x86_64 | 0.3.1 | 70.00 | OK | |||
r-release-windows-x86_64 | 0.3.1 | 5.00 | 107.00 | 112.00 | OK | |
r-oldrel-macos-arm64 | 0.3.1 | 48.00 | OK | |||
r-oldrel-macos-x86_64 | 0.3.1 | 64.00 | OK | |||
r-oldrel-windows-x86_64 | 0.3.1 | 6.00 | 127.00 | 133.00 | OK |
Version: 0.3.1
Check: Rd cross-references
Result: NOTE
Found the following Rd file(s) with Rd \link{} targets missing package
anchors:
newDB.Rd: R6, DBI
rocker-R6-class.Rd: R6, DBI
rocker-S3-functions.Rd: R6, DBI
Please provide package anchors for all Rd \link{} targets not in the
package itself and the base packages.
Flavors: r-devel-linux-x86_64-debian-clang, r-devel-linux-x86_64-debian-gcc, r-devel-windows-x86_64