CRAN Package Check Results for Package robvis

Last updated on 2025-11-04 13:50:24 CET.

Flavor Version Tinstall Tcheck Ttotal Status Flags
r-devel-linux-x86_64-debian-clang 0.3.0 3.24 102.05 105.29 NOTE
r-devel-linux-x86_64-debian-gcc 0.3.0 2.12 73.15 75.27 NOTE
r-devel-linux-x86_64-fedora-clang 0.3.0 153.32 OK
r-devel-linux-x86_64-fedora-gcc 0.3.0 162.46 OK
r-devel-windows-x86_64 0.3.0 5.00 85.00 90.00 OK
r-patched-linux-x86_64 0.3.0 3.17 98.39 101.56 OK
r-release-linux-x86_64 0.3.0 2.92 97.49 100.41 OK
r-release-macos-arm64 0.3.0 1.00 46.00 47.00 OK
r-release-macos-x86_64 0.3.0 3.00 80.00 83.00 OK
r-release-windows-x86_64 0.3.0 4.00 80.00 84.00 OK
r-oldrel-macos-arm64 0.3.0 1.00 48.00 49.00 OK
r-oldrel-macos-x86_64 0.3.0 3.00 98.00 101.00 OK
r-oldrel-windows-x86_64 0.3.0 7.00 108.00 115.00 OK

Check Details

Version: 0.3.0
Check: CRAN incoming feasibility
Result: NOTE Maintainer: ‘Luke McGuinness <luke.mcguinness@bristol.ac.uk>’ Package CITATION file contains call(s) to old-style citEntry(). Please use bibentry() instead. The BugReports field in DESCRIPTION has https://github.com/mcguinlu/robvis which should likely be https://github.com/mcguinlu/robvis/issues instead. Flavors: r-devel-linux-x86_64-debian-clang, r-devel-linux-x86_64-debian-gcc