Last updated on 2025-11-25 17:50:04 CET.
| Flavor | Version | Tinstall | Tcheck | Ttotal | Status | Flags |
|---|---|---|---|---|---|---|
| r-devel-linux-x86_64-debian-clang | 0.1.3 | 50.44 | 69.31 | 119.75 | NOTE | |
| r-devel-linux-x86_64-debian-gcc | 0.1.3 | 33.47 | 52.17 | 85.64 | NOTE | |
| r-devel-linux-x86_64-fedora-clang | 0.1.3 | 105.00 | 105.93 | 210.93 | OK | |
| r-devel-linux-x86_64-fedora-gcc | 0.1.3 | 63.00 | 131.84 | 194.84 | OK | |
| r-devel-windows-x86_64 | 0.1.3 | 66.00 | 95.00 | 161.00 | OK | |
| r-patched-linux-x86_64 | 0.1.3 | 49.01 | 66.38 | 115.39 | OK | |
| r-release-linux-x86_64 | 0.1.3 | 48.70 | 67.54 | 116.24 | OK | |
| r-release-macos-arm64 | 0.1.3 | OK | ||||
| r-release-macos-x86_64 | 0.1.3 | 42.00 | 74.00 | 116.00 | OK | |
| r-release-windows-x86_64 | 0.1.3 | 61.00 | 108.00 | 169.00 | OK | |
| r-oldrel-macos-arm64 | 0.1.3 | OK | ||||
| r-oldrel-macos-x86_64 | 0.1.3 | 21.00 | 46.00 | 67.00 | OK | |
| r-oldrel-windows-x86_64 | 0.1.3 | 73.00 | 121.00 | 194.00 | WARN |
Version: 0.1.3
Check: CRAN incoming feasibility
Result: NOTE
Maintainer: ‘Erlis Ruli <erlisr@yahoo.it>’
Package CITATION file contains call(s) to old-style personList() or
as.personList(). Please use c() on person objects instead.
Package CITATION file contains call(s) to old-style citEntry(). Please
use bibentry() instead.
The Description field contains
by Ruli et al. (2017) <arXiv:1706.01752>.
Please refer to arXiv e-prints via their arXiv DOI <doi:10.48550/arXiv.YYMM.NNNNN>.
Flavors: r-devel-linux-x86_64-debian-clang, r-devel-linux-x86_64-debian-gcc
Version: 0.1.3
Check: whether package can be installed
Result: WARN
Found the following significant warnings:
extrafuns_cpp.cpp:92:35: warning: overflow in conversion from 'double' to 'arma::uword' {aka 'unsigned int'} changes value from '+QNaN' to '0' [-Woverflow]
robust_lmm.cpp:836:34: warning: overflow in conversion from 'double' to 'arma::uword' {aka 'unsigned int'} changes value from '+QNaN' to '0' [-Woverflow]
robust_lmm.cpp:836:52: warning: overflow in conversion from 'double' to 'arma::uword' {aka 'unsigned int'} changes value from '+QNaN' to '0' [-Woverflow]
See 'd:/Rcompile/CRANpkg/local/4.4/robustBLME.Rcheck/00install.out' for details.
* used C++ compiler: 'g++.exe (GCC) 13.3.0'
Flavor: r-oldrel-windows-x86_64