Last updated on 2025-11-26 05:51:48 CET.
| Flavor | Version | Tinstall | Tcheck | Ttotal | Status | Flags |
|---|---|---|---|---|---|---|
| r-devel-linux-x86_64-debian-clang | 1.4 | 8.17 | 96.86 | 105.03 | ERROR | |
| r-devel-linux-x86_64-debian-gcc | 1.4 | 6.09 | 70.95 | 77.04 | ERROR | |
| r-devel-linux-x86_64-fedora-clang | 1.4 | 26.00 | 137.70 | 163.70 | ERROR | |
| r-devel-linux-x86_64-fedora-gcc | 1.4 | 19.00 | 154.51 | 173.51 | ERROR | |
| r-devel-windows-x86_64 | 1.4 | 11.00 | 112.00 | 123.00 | OK | |
| r-patched-linux-x86_64 | 1.4 | 7.83 | 99.97 | 107.80 | OK | |
| r-release-linux-x86_64 | 1.4 | 7.75 | 99.98 | 107.73 | OK | |
| r-release-macos-arm64 | 1.4 | OK | ||||
| r-release-macos-x86_64 | 1.4 | 8.00 | 116.00 | 124.00 | OK | |
| r-release-windows-x86_64 | 1.4 | 11.00 | 112.00 | 123.00 | OK | |
| r-oldrel-macos-arm64 | 1.4 | OK | ||||
| r-oldrel-macos-x86_64 | 1.4 | 8.00 | 82.00 | 90.00 | OK | |
| r-oldrel-windows-x86_64 | 1.4 | 15.00 | 140.00 | 155.00 | OK |
Version: 1.4
Check: re-building of vignette outputs
Result: ERROR
Error(s) in re-building vignettes:
...
--- re-building ‘audit-data.Rmd’ using rmarkdown
[WARNING] Deprecated: --highlight-style. Use --syntax-highlighting instead.
--- finished re-building ‘audit-data.Rmd’
--- re-building ‘intro.Rmd’ using rmarkdown
[WARNING] Deprecated: --highlight-style. Use --syntax-highlighting instead.
--- finished re-building ‘intro.Rmd’
--- re-building ‘multilang-forms.Rmd’ using rmarkdown
[WARNING] Deprecated: --highlight-style. Use --syntax-highlighting instead.
--- finished re-building ‘multilang-forms.Rmd’
--- re-building ‘repeat-group-data.Rmd’ using rmarkdown
[WARNING] Deprecated: --highlight-style. Use --syntax-highlighting instead.
--- finished re-building ‘repeat-group-data.Rmd’
--- re-building ‘spatial-data.Rmd’ using rmarkdown
Quitting from spatial-data.Rmd:38-51 [setup]
~~~~~~~~~~~~~~~~~~~~~~~~~~~~~~~~~~~~~~~~~~~~~~~~~~~~~~~~~~~~~~~~~~~~~~~~~~~~~~~~
<error/rlang_error>
Error in `library()`:
! there is no package called 'mapview'
---
Backtrace:
▆
1. └─base::library(mapview)
~~~~~~~~~~~~~~~~~~~~~~~~~~~~~~~~~~~~~~~~~~~~~~~~~~~~~~~~~~~~~~~~~~~~~~~~~~~~~~~~
Error: processing vignette 'spatial-data.Rmd' failed with diagnostics:
there is no package called 'mapview'
--- failed re-building ‘spatial-data.Rmd’
SUMMARY: processing the following file failed:
‘spatial-data.Rmd’
Error: Vignette re-building failed.
Execution halted
Flavors: r-devel-linux-x86_64-debian-clang, r-devel-linux-x86_64-debian-gcc
Version: 1.4
Check: re-building of vignette outputs
Result: ERROR
Error(s) in re-building vignettes:
--- re-building ‘audit-data.Rmd’ using rmarkdown
[WARNING] Deprecated: --highlight-style. Use --syntax-highlighting instead.
--- finished re-building ‘audit-data.Rmd’
--- re-building ‘intro.Rmd’ using rmarkdown
[WARNING] Deprecated: --highlight-style. Use --syntax-highlighting instead.
--- finished re-building ‘intro.Rmd’
--- re-building ‘multilang-forms.Rmd’ using rmarkdown
[WARNING] Deprecated: --highlight-style. Use --syntax-highlighting instead.
--- finished re-building ‘multilang-forms.Rmd’
--- re-building ‘repeat-group-data.Rmd’ using rmarkdown
[WARNING] Deprecated: --highlight-style. Use --syntax-highlighting instead.
--- finished re-building ‘repeat-group-data.Rmd’
--- re-building ‘spatial-data.Rmd’ using rmarkdown
Quitting from spatial-data.Rmd:38-51 [setup]
~~~~~~~~~~~~~~~~~~~~~~~~~~~~~~~~~~~~~~~~~~~~~~~~~~~~~~~~~~~~~~~~~~~~~~~~~~~~~~~~
<error/rlang_error>
Error in `library()`:
! there is no package called 'mapview'
---
Backtrace:
▆
1. └─base::library(mapview)
~~~~~~~~~~~~~~~~~~~~~~~~~~~~~~~~~~~~~~~~~~~~~~~~~~~~~~~~~~~~~~~~~~~~~~~~~~~~~~~~
Error: processing vignette 'spatial-data.Rmd' failed with diagnostics:
there is no package called 'mapview'
--- failed re-building ‘spatial-data.Rmd’
SUMMARY: processing the following file failed:
‘spatial-data.Rmd’
Error: Vignette re-building failed.
Execution halted
Flavors: r-devel-linux-x86_64-fedora-clang, r-devel-linux-x86_64-fedora-gcc