CRAN Package Check Results for Package roben

Last updated on 2025-06-30 18:49:51 CEST.

Flavor Version Tinstall Tcheck Ttotal Status Flags
r-devel-linux-x86_64-debian-clang 0.1.2 164.27 47.88 212.15 OK
r-devel-linux-x86_64-debian-gcc 0.1.2 114.91 35.11 150.02 OK
r-devel-linux-x86_64-fedora-clang 0.1.2 408.95 OK
r-devel-linux-x86_64-fedora-gcc 0.1.2 373.97 OK
r-devel-windows-x86_64 0.1.2 173.00 95.00 268.00 OK
r-patched-linux-x86_64 OK
r-release-linux-x86_64 0.1.2 164.23 43.18 207.41 OK
r-release-macos-arm64 0.1.2 88.00 OK
r-release-macos-x86_64 0.1.2 103.00 OK
r-release-windows-x86_64 0.1.2 175.00 99.00 274.00 OK
r-oldrel-macos-arm64 0.1.2 74.00 NOTE
r-oldrel-macos-x86_64 0.1.2 154.00 NOTE
r-oldrel-windows-x86_64 0.1.2 210.00 108.00 318.00 OK

Check Details

Version: 0.1.2
Check: installed package size
Result: NOTE installed size is 8.8Mb sub-directories of 1Mb or more: libs 8.2Mb Flavors: r-oldrel-macos-arm64, r-oldrel-macos-x86_64