Last updated on 2025-11-25 17:50:04 CET.
| Flavor | Version | Tinstall | Tcheck | Ttotal | Status | Flags |
|---|---|---|---|---|---|---|
| r-devel-linux-x86_64-debian-clang | 1.0.0 | 0.38 | 3.56 | 3.94 | ERROR | |
| r-devel-linux-x86_64-debian-gcc | 1.0.0 | 0.33 | 2.97 | 3.30 | ERROR | |
| r-devel-linux-x86_64-fedora-clang | 1.0.0 | 4.58 | ERROR | |||
| r-devel-linux-x86_64-fedora-gcc | 1.0.0 | 4.41 | ERROR | |||
| r-devel-windows-x86_64 | 1.0.0 | 9.00 | 80.00 | 89.00 | OK | |
| r-patched-linux-x86_64 | 1.0.0 | 5.93 | 59.53 | 65.46 | OK | |
| r-release-linux-x86_64 | 1.0.0 | 4.57 | 58.66 | 63.23 | OK | |
| r-release-macos-arm64 | 1.0.0 | OK | ||||
| r-release-macos-x86_64 | 1.0.0 | 5.00 | 72.00 | 77.00 | OK | |
| r-release-windows-x86_64 | 1.0.0 | 8.00 | 81.00 | 89.00 | OK | |
| r-oldrel-macos-arm64 | 1.0.0 | NOTE | ||||
| r-oldrel-macos-x86_64 | 1.0.0 | 4.00 | 58.00 | 62.00 | NOTE | |
| r-oldrel-windows-x86_64 | 1.0.0 | 10.00 | 95.00 | 105.00 | NOTE |
Version: 1.0.0
Check: package dependencies
Result: ERROR
Package required but not available: ‘geojsonsf’
Packages suggested but not available for checking:
'rnaturalearthhires', 'palaeoverse'
See section ‘The DESCRIPTION file’ in the ‘Writing R Extensions’
manual.
Flavors: r-devel-linux-x86_64-debian-clang, r-devel-linux-x86_64-debian-gcc, r-devel-linux-x86_64-fedora-clang, r-devel-linux-x86_64-fedora-gcc
Version: 1.0.0
Check: package dependencies
Result: NOTE
Package suggested but not available for checking: ‘rnaturalearthhires’
Flavors: r-oldrel-macos-arm64, r-oldrel-macos-x86_64, r-oldrel-windows-x86_64