Last updated on 2025-11-04 13:50:24 CET.
| Flavor | Version | Tinstall | Tcheck | Ttotal | Status | Flags |
|---|---|---|---|---|---|---|
| r-devel-linux-x86_64-debian-clang | 0.0.1 | 20.38 | 36.13 | 56.51 | NOTE | |
| r-devel-linux-x86_64-debian-gcc | 0.0.1 | 16.03 | 28.48 | 44.51 | NOTE | |
| r-devel-linux-x86_64-fedora-clang | 0.0.1 | 35.00 | 59.06 | 94.06 | OK | |
| r-devel-linux-x86_64-fedora-gcc | 0.0.1 | 47.00 | 49.05 | 96.05 | OK | |
| r-devel-windows-x86_64 | 0.0.1 | 31.00 | 173.00 | 204.00 | OK | |
| r-patched-linux-x86_64 | 0.0.1 | 21.50 | 34.89 | 56.39 | OK | |
| r-release-linux-x86_64 | 0.0.1 | 21.03 | 35.29 | 56.32 | OK | |
| r-release-macos-arm64 | 0.0.1 | 10.00 | 19.00 | 29.00 | OK | |
| r-release-macos-x86_64 | 0.0.1 | 15.00 | 33.00 | 48.00 | OK | |
| r-release-windows-x86_64 | 0.0.1 | 28.00 | 69.00 | 97.00 | OK | |
| r-oldrel-macos-arm64 | 0.0.1 | 10.00 | 20.00 | 30.00 | OK | |
| r-oldrel-macos-x86_64 | 0.0.1 | 16.00 | 28.00 | 44.00 | OK | |
| r-oldrel-windows-x86_64 | 0.0.1 | 31.00 | 85.00 | 116.00 | OK |
Version: 0.0.1
Check: CRAN incoming feasibility
Result: NOTE
Maintainer: ‘Xinyuan Fan <fxy22@mails.tsinghua.edu.cn>’
The Description field contains
and Wu (2024) <arXiv:2403.00600>.
Please refer to arXiv e-prints via their arXiv DOI <doi:10.48550/arXiv.YYMM.NNNNN>.
Flavors: r-devel-linux-x86_64-debian-clang, r-devel-linux-x86_64-debian-gcc