Last updated on 2025-11-26 05:51:48 CET.
| Flavor | Version | Tinstall | Tcheck | Ttotal | Status | Flags |
|---|---|---|---|---|---|---|
| r-devel-linux-x86_64-debian-clang | 1.0.2 | 5.29 | 21.08 | 26.37 | NOTE | |
| r-devel-linux-x86_64-debian-gcc | 1.0.2 | 3.83 | 17.79 | 21.62 | NOTE | |
| r-devel-linux-x86_64-fedora-clang | 1.0.2 | 10.00 | 27.86 | 37.86 | OK | |
| r-devel-linux-x86_64-fedora-gcc | 1.0.2 | 10.00 | 26.26 | 36.26 | OK | |
| r-devel-windows-x86_64 | 1.0.2 | 8.00 | 43.00 | 51.00 | OK | |
| r-patched-linux-x86_64 | 1.0.2 | 5.06 | 20.09 | 25.15 | OK | |
| r-release-linux-x86_64 | 1.0.2 | 5.02 | 20.14 | 25.16 | OK | |
| r-release-macos-arm64 | 1.0.2 | OK | ||||
| r-release-macos-x86_64 | 1.0.2 | 5.00 | 23.00 | 28.00 | OK | |
| r-release-windows-x86_64 | 1.0.2 | 7.00 | 54.00 | 61.00 | OK | |
| r-oldrel-macos-arm64 | 1.0.2 | NOTE | ||||
| r-oldrel-macos-x86_64 | 1.0.2 | 4.00 | 21.00 | 25.00 | NOTE | |
| r-oldrel-windows-x86_64 | 1.0.2 | 9.00 | 45.00 | 54.00 | NOTE |
Version: 1.0.2
Check: CRAN incoming feasibility
Result: NOTE
Maintainer: ‘Xiang LI <ynaulx@gmail.com>’
No Authors@R field in DESCRIPTION.
Please add one, modifying
Authors@R: c(person(given = "Xiang",
family = "LI",
role = c("aut", "cre"),
email = "ynaulx@gmail.com"),
person(given = "Linna",
family = "MA",
role = "aut"))
as necessary.
Flavors: r-devel-linux-x86_64-debian-clang, r-devel-linux-x86_64-debian-gcc
Version: 1.0.2
Check: LazyData
Result: NOTE
'LazyData' is specified without a 'data' directory
Flavors: r-oldrel-macos-arm64, r-oldrel-macos-x86_64, r-oldrel-windows-x86_64