Last updated on 2025-02-05 17:50:06 CET.
Flavor | Version | Tinstall | Tcheck | Ttotal | Status | Flags |
---|---|---|---|---|---|---|
r-devel-linux-x86_64-debian-clang | 0.4.1 | 61.75 | 26.66 | 88.41 | NOTE | |
r-devel-linux-x86_64-debian-gcc | 0.4.1 | 44.26 | 21.16 | 65.42 | NOTE | |
r-devel-linux-x86_64-fedora-clang | 0.4.1 | 182.30 | NOTE | |||
r-devel-linux-x86_64-fedora-gcc | 0.4.1 | 187.17 | NOTE | |||
r-devel-windows-x86_64 | 0.4.1 | 71.00 | 68.00 | 139.00 | NOTE | |
r-patched-linux-x86_64 | 0.4.1 | 65.28 | 25.36 | 90.64 | NOTE | |
r-release-linux-x86_64 | 0.4.1 | 63.58 | 25.31 | 88.89 | NOTE | |
r-release-macos-arm64 | 0.4.1 | 45.00 | NOTE | |||
r-release-macos-x86_64 | 0.4.1 | 45.00 | NOTE | |||
r-release-windows-x86_64 | 0.4.1 | 69.00 | 68.00 | 137.00 | NOTE | |
r-oldrel-macos-arm64 | 0.4.1 | 41.00 | OK | |||
r-oldrel-macos-x86_64 | 0.4.1 | 67.00 | OK | |||
r-oldrel-windows-x86_64 | 0.4.1 | 82.00 | 87.00 | 169.00 | OK |
Version: 0.4.1
Check: Rd files
Result: NOTE
checkRd: (-1) cpUpper.Rd:39: Lost braces
39 | \code{"fastfloyd"}{ (default) uses an iterative variant of the Floyd-Warshall algorithm, in which the check of consistency of the current observation with a given cluster is done in a single step of the Floyd-Warshall algorithm. Much faster than \code{"floyd"}.}
| ^
checkRd: (-1) cpUpper.Rd:41: Lost braces
41 | \code{"floyd"}{ uses the algorithm described in Crawford and Pendakur (2013): at each step the complete Floyd-Warshall algorithm is run to check whether each cluster can accomodate the current observation.}
| ^
Flavors: r-devel-linux-x86_64-debian-clang, r-devel-linux-x86_64-debian-gcc, r-devel-linux-x86_64-fedora-clang, r-devel-linux-x86_64-fedora-gcc, r-devel-windows-x86_64, r-patched-linux-x86_64, r-release-linux-x86_64, r-release-macos-arm64, r-release-macos-x86_64, r-release-windows-x86_64