CRAN Package Check Results for Package result

Last updated on 2025-11-26 05:51:48 CET.

Flavor Version Tinstall Tcheck Ttotal Status Flags
r-devel-linux-x86_64-debian-clang 0.1.0 1.49 22.44 23.93 NOTE
r-devel-linux-x86_64-debian-gcc 0.1.0 1.35 18.16 19.51 NOTE
r-devel-linux-x86_64-fedora-clang 0.1.0 33.58 NOTE
r-devel-linux-x86_64-fedora-gcc 0.1.0 31.66 NOTE
r-devel-windows-x86_64 0.1.0 3.00 40.00 43.00 NOTE
r-patched-linux-x86_64 0.1.0 1.81 19.43 21.24 NOTE
r-release-linux-x86_64 0.1.0 1.60 19.82 21.42 NOTE
r-release-macos-arm64 0.1.0 NOTE
r-release-macos-x86_64 0.1.0 2.00 23.00 25.00 NOTE
r-release-windows-x86_64 0.1.0 3.00 39.00 42.00 NOTE
r-oldrel-macos-arm64 0.1.0 OK
r-oldrel-macos-x86_64 0.1.0 1.00 21.00 22.00 OK
r-oldrel-windows-x86_64 0.1.0 3.00 45.00 48.00 OK

Check Details

Version: 0.1.0
Check: DESCRIPTION meta-information
Result: NOTE Missing dependency on R >= 4.1.0 because package code uses the pipe |> or function shorthand \(...) syntax added in R 4.1.0. File(s) using such syntax: ‘as_result.Rd’ ‘bind.R’ ‘bind.Rd’ ‘result.R’ ‘result.Rd’ Flavors: r-devel-linux-x86_64-debian-clang, r-devel-linux-x86_64-debian-gcc, r-devel-linux-x86_64-fedora-clang, r-devel-linux-x86_64-fedora-gcc, r-devel-windows-x86_64, r-patched-linux-x86_64, r-release-linux-x86_64, r-release-macos-arm64, r-release-macos-x86_64, r-release-windows-x86_64