Last updated on 2025-07-01 07:50:22 CEST.
Flavor | Version | Tinstall | Tcheck | Ttotal | Status | Flags |
---|---|---|---|---|---|---|
r-devel-linux-x86_64-debian-clang | 0.0.15 | 13.42 | 69.66 | 83.08 | NOTE | --no-tests |
r-devel-linux-x86_64-debian-gcc | 0.0.16 | 8.34 | 51.31 | 59.65 | OK | --no-tests |
r-devel-linux-x86_64-fedora-clang | 0.0.15 | 145.95 | OK | |||
r-devel-linux-x86_64-fedora-gcc | 0.0.16 | 132.91 | OK | |||
r-devel-windows-x86_64 | 0.0.16 | 13.00 | 69.00 | 82.00 | OK | --no-examples --no-tests --no-vignettes |
r-patched-linux-x86_64 | OK | --no-tests | ||||
r-release-linux-x86_64 | 0.0.16 | 11.04 | 66.95 | 77.99 | OK | --no-tests |
r-release-macos-arm64 | 0.0.15 | 47.00 | OK | |||
r-release-macos-x86_64 | 0.0.16 | 83.00 | OK | |||
r-release-windows-x86_64 | 0.0.15 | 15.00 | 83.00 | 98.00 | OK | --no-examples --no-tests --no-vignettes |
r-oldrel-macos-arm64 | 0.0.15 | 47.00 | OK | |||
r-oldrel-macos-x86_64 | 0.0.16 | 105.00 | OK | |||
r-oldrel-windows-x86_64 | 0.0.16 | 1.00 | 9.00 | 10.00 | ERROR | --no-examples --no-tests --no-vignettes |
Version: 0.0.15
Flags: --no-tests
Check: CRAN incoming feasibility
Result: NOTE
Maintainer: ‘Michael Lawrence <michafla@gene.com>’
No Authors@R field in DESCRIPTION.
Please add one, modifying
Authors@R: person(given = "Michael",
family = "Lawrence",
role = c("aut", "cre"),
email = "michafla@gene.com")
as necessary.
Flavor: r-devel-linux-x86_64-debian-clang
Version: 0.0.16
Flags: --no-examples --no-tests --no-vignettes
Check: whether package can be installed
Result: ERROR
Installation failed.
Flavor: r-oldrel-windows-x86_64