Last updated on 2024-08-16 06:50:10 CEST.
Flavor | Version | Tinstall | Tcheck | Ttotal | Status | Flags |
---|---|---|---|---|---|---|
r-devel-linux-x86_64-debian-clang | 2.2.3 | 59.19 | 248.38 | 307.57 | NOTE | |
r-devel-linux-x86_64-debian-gcc | 2.2.3 | 46.35 | 188.71 | 235.06 | NOTE | |
r-devel-linux-x86_64-fedora-clang | 2.2.3 | 498.96 | OK | |||
r-devel-linux-x86_64-fedora-gcc | 2.2.3 | 566.14 | OK | |||
r-devel-windows-x86_64 | 2.2.3 | 60.00 | 325.00 | 385.00 | NOTE | |
r-patched-linux-x86_64 | 2.2.3 | 63.98 | 267.04 | 331.02 | OK | |
r-release-linux-x86_64 | 2.2.3 | 57.06 | 269.77 | 326.83 | OK | |
r-release-macos-arm64 | 2.2.3 | 179.00 | NOTE | |||
r-release-macos-x86_64 | 2.2.3 | 304.00 | NOTE | |||
r-release-windows-x86_64 | 2.2.3 | 60.00 | 329.00 | 389.00 | OK | |
r-oldrel-macos-arm64 | 2.2.3 | 186.00 | NOTE | |||
r-oldrel-macos-x86_64 | 2.2.3 | 497.00 | NOTE | |||
r-oldrel-windows-x86_64 | 2.2.3 | 73.00 | 394.00 | 467.00 | OK |
Version: 2.2.3
Check: Rd cross-references
Result: NOTE
Found the following Rd file(s) with Rd \link{} targets missing package
anchors:
mbl_control.Rd: foreach
Please provide package anchors for all Rd \link{} targets not in the
package itself and the base packages.
Flavors: r-devel-linux-x86_64-debian-clang, r-devel-linux-x86_64-debian-gcc, r-devel-windows-x86_64
Version: 2.2.3
Check: installed package size
Result: NOTE
installed size is 9.3Mb
sub-directories of 1Mb or more:
doc 1.9Mb
libs 6.8Mb
Flavors: r-release-macos-arm64, r-release-macos-x86_64, r-oldrel-macos-arm64, r-oldrel-macos-x86_64