CRAN Package Check Results for Package resampledata3

Last updated on 2025-02-10 17:49:21 CET.

Flavor Version Tinstall Tcheck Ttotal Status Flags
r-devel-linux-x86_64-debian-clang 1.0 1.79 17.36 19.15 NOTE
r-devel-linux-x86_64-debian-gcc 1.0 1.48 13.53 15.01 NOTE
r-devel-linux-x86_64-fedora-clang 1.0 30.43 NOTE
r-devel-linux-x86_64-fedora-gcc 1.0 29.26 NOTE
r-devel-windows-x86_64 1.0 4.00 46.00 50.00 NOTE
r-patched-linux-x86_64 1.0 2.45 16.50 18.95 NOTE
r-release-linux-x86_64 1.0 1.85 16.87 18.72 NOTE
r-release-macos-arm64 1.0 13.00 NOTE
r-release-macos-x86_64 1.0 19.00 NOTE
r-release-windows-x86_64 1.0 4.00 42.00 46.00 NOTE
r-oldrel-macos-arm64 1.0 17.00 OK
r-oldrel-macos-x86_64 1.0 17.00 OK
r-oldrel-windows-x86_64 1.0 5.00 43.00 48.00 OK

Check Details

Version: 1.0
Check: Rd files
Result: NOTE checkRd: (-1) NCBirths2004.Rd:16: Lost braces 16 | \item{\code{Smoker}}{Mother a smoker? code{No}, \code{Yes}} | ^ Flavors: r-devel-linux-x86_64-debian-clang, r-devel-linux-x86_64-debian-gcc, r-devel-linux-x86_64-fedora-clang, r-devel-linux-x86_64-fedora-gcc, r-devel-windows-x86_64, r-patched-linux-x86_64, r-release-linux-x86_64, r-release-macos-arm64, r-release-macos-x86_64, r-release-windows-x86_64