CRAN Package Check Results for Package rem

Last updated on 2025-07-01 18:48:42 CEST.

Flavor Version Tinstall Tcheck Ttotal Status Flags
r-devel-linux-x86_64-debian-clang 1.3.1 24.36 47.11 71.47 NOTE
r-devel-linux-x86_64-debian-gcc 1.3.1 17.46 34.30 51.76 NOTE
r-devel-linux-x86_64-fedora-clang 1.3.1 132.74 OK
r-devel-linux-x86_64-fedora-gcc 1.3.1 116.47 OK
r-devel-windows-x86_64 1.3.1 29.00 80.00 109.00 OK
r-patched-linux-x86_64 OK
r-release-linux-x86_64 1.3.1 26.22 44.52 70.74 OK
r-release-macos-arm64 1.3.1 45.00 OK
r-release-macos-x86_64 1.3.1 62.00 OK
r-release-windows-x86_64 1.3.1 29.00 80.00 109.00 OK
r-oldrel-macos-arm64 1.3.1 37.00 OK
r-oldrel-macos-x86_64 1.3.1 58.00 OK
r-oldrel-windows-x86_64 1.3.1 35.00 103.00 138.00 OK

Check Details

Version: 1.3.1
Check: CRAN incoming feasibility
Result: NOTE Maintainer: ‘Laurence Brandenberger <lbrandenberger@ethz.ch>’ No Authors@R field in DESCRIPTION. Please add one, modifying Authors@R: person(given = "Laurence", family = "Brandenberger", role = c("aut", "cre"), email = "lbrandenberger@ethz.ch") as necessary. Package CITATION file contains call(s) to old-style personList() or as.personList(). Please use c() on person objects instead. Package CITATION file contains call(s) to old-style citEntry(). Please use bibentry() instead. Flavors: r-devel-linux-x86_64-debian-clang, r-devel-linux-x86_64-debian-gcc