Last updated on 2025-05-15 06:50:25 CEST.
Flavor | Version | Tinstall | Tcheck | Ttotal | Status | Flags |
---|---|---|---|---|---|---|
r-devel-linux-x86_64-debian-clang | 1.1.4 | 5.42 | 40.49 | 45.91 | NOTE | |
r-devel-linux-x86_64-debian-gcc | 1.1.4 | 4.89 | 30.42 | 35.31 | NOTE | |
r-devel-linux-x86_64-fedora-clang | 1.1.4 | 75.72 | OK | |||
r-devel-linux-x86_64-fedora-gcc | 1.1.4 | 86.32 | OK | |||
r-devel-windows-x86_64 | 1.1.4 | 22.00 | 77.00 | 99.00 | NOTE | |
r-patched-linux-x86_64 | 1.1.4 | 6.52 | 36.99 | 43.51 | NOTE | |
r-release-linux-x86_64 | 1.1.4 | 6.66 | 36.65 | 43.31 | NOTE | |
r-release-macos-arm64 | 1.1.4 | OK | ||||
r-release-macos-x86_64 | 1.1.4 | 66.00 | OK | |||
r-release-windows-x86_64 | 1.1.4 | 22.00 | 78.00 | 100.00 | NOTE | |
r-oldrel-macos-arm64 | 1.1.4 | 36.00 | OK | |||
r-oldrel-macos-x86_64 | 1.1.4 | 50.00 | OK | |||
r-oldrel-windows-x86_64 | 1.1.4 | 23.00 | 84.00 | 107.00 | OK |
Version: 1.1.4
Check: Rd cross-references
Result: NOTE
Found the following Rd file(s) with Rd \link{} targets missing package
anchors:
storr_redis_api.Rd: storr
Please provide package anchors for all Rd \link{} targets not in the
package itself and the base packages.
Flavors: r-devel-linux-x86_64-debian-clang, r-devel-linux-x86_64-debian-gcc, r-devel-windows-x86_64, r-patched-linux-x86_64, r-release-linux-x86_64, r-release-windows-x86_64