Last updated on 2025-07-01 07:50:22 CEST.
Flavor | Version | Tinstall | Tcheck | Ttotal | Status | Flags |
---|---|---|---|---|---|---|
r-devel-linux-x86_64-debian-clang | 4.2.0 | 306.14 | 239.02 | 545.16 | NOTE | |
r-devel-linux-x86_64-debian-gcc | 4.2.0 | 218.15 | 162.38 | 380.53 | NOTE | |
r-devel-linux-x86_64-fedora-clang | 4.2.0 | 1020.28 | NOTE | |||
r-devel-linux-x86_64-fedora-gcc | 4.2.0 | 842.12 | ERROR | |||
r-devel-windows-x86_64 | 4.2.0 | 334.00 | 287.00 | 621.00 | NOTE | |
r-patched-linux-x86_64 | NOTE | |||||
r-release-linux-x86_64 | 4.2.0 | 298.89 | 224.37 | 523.26 | NOTE | |
r-release-macos-arm64 | 4.2.0 | 220.00 | NOTE | |||
r-release-macos-x86_64 | 4.2.0 | 313.00 | NOTE | |||
r-release-windows-x86_64 | 4.2.0 | 345.00 | 293.00 | 638.00 | NOTE | |
r-oldrel-macos-arm64 | 4.2.0 | 221.00 | NOTE | |||
r-oldrel-macos-x86_64 | 4.2.0 | 260.00 | NOTE | |||
r-oldrel-windows-x86_64 | 4.2.0 | 401.00 | 372.00 | 773.00 | ERROR |
Version: 4.2.0
Check: CRAN incoming feasibility
Result: NOTE
Maintainer: ‘Christopher T. Kenny <christopherkenny@fas.harvard.edu>’
The Description field contains
algorithms of Carter et al. (2019) <arXiv:1911.01503> and DeFord et al.
optimization algorithm of Cannon et al. (2020) <arXiv:2011.02288>.
Please refer to arXiv e-prints via their arXiv DOI <doi:10.48550/arXiv.YYMM.NNNNN>.
Flavors: r-devel-linux-x86_64-debian-clang, r-devel-linux-x86_64-debian-gcc
Version: 4.2.0
Check: DESCRIPTION meta-information
Result: NOTE
Missing dependency on R >= 4.1.0 because package code uses the pipe
|> or function shorthand \(...) syntax added in R 4.1.0.
File(s) using such syntax:
‘redist.diagplot.Rd’ ‘redist.segcalc.Rd’
Flavors: r-devel-linux-x86_64-debian-clang, r-devel-linux-x86_64-debian-gcc, r-devel-linux-x86_64-fedora-clang, r-devel-linux-x86_64-fedora-gcc, r-devel-windows-x86_64, r-patched-linux-x86_64, r-release-linux-x86_64, r-release-macos-arm64, r-release-macos-x86_64, r-release-windows-x86_64
Version: 4.2.0
Check: Rd cross-references
Result: NOTE
Found the following Rd file(s) with Rd \link{} targets missing package
anchors:
pullback.Rd: summarize
redist.compactness.Rd: prep_perims
redist_map.Rd: tibble
redist_plans.Rd: dplyr
scorers.Rd: prep_perims
Please provide package anchors for all Rd \link{} targets not in the
package itself and the base packages.
Flavors: r-devel-linux-x86_64-debian-clang, r-devel-linux-x86_64-debian-gcc, r-devel-windows-x86_64, r-patched-linux-x86_64, r-release-linux-x86_64, r-release-windows-x86_64
Version: 4.2.0
Check: re-building of vignette outputs
Result: ERROR
Error(s) in re-building vignettes:
--- re-building ‘common_args.Rmd’ using rmarkdown
--- finished re-building ‘common_args.Rmd’
--- re-building ‘flip.Rmd’ using rmarkdown
--- finished re-building ‘flip.Rmd’
--- re-building ‘map-preproc.Rmd’ using rmarkdown
trying URL 'https://github.com/alarm-redist/redist-data/raw/main/data/king_county.rds'
Quitting from map-preproc.Rmd:40-53 [setup]
~~~~~~~~~~~~~~~~~~~~~~~~~~~~~~~~~~~~~~~~~~~~~~~~~~~~~~~~~~~~~~~~~~~~~~~~~~~~~~~~
<error/rlang_error>
Error in `download.file()`:
! cannot open URL 'https://github.com/alarm-redist/redist-data/raw/main/data/king_county.rds'
---
Backtrace:
▆
1. └─utils::download.file(data_url, data_path)
~~~~~~~~~~~~~~~~~~~~~~~~~~~~~~~~~~~~~~~~~~~~~~~~~~~~~~~~~~~~~~~~~~~~~~~~~~~~~~~~
Error: processing vignette 'map-preproc.Rmd' failed with diagnostics:
cannot open URL 'https://github.com/alarm-redist/redist-data/raw/main/data/king_county.rds'
--- failed re-building ‘map-preproc.Rmd’
--- re-building ‘redist.Rmd’ using rmarkdown
starting worker pid=3656481 on localhost:11272 at 16:07:36.272
starting worker pid=3656480 on localhost:11272 at 16:07:36.326
Loading required package: redist
Loading required package: redistmetrics
Attaching package: ‘redist’
The following object is masked from ‘package:stats’:
filter
loaded redist and set parent environment
Loading required package: foreach
Loading required package: rngtools
Loading required package: redist
Loading required package: redistmetrics
Attaching package: ‘redist’
The following object is masked from ‘package:stats’:
filter
loaded redist and set parent environment
Loading required package: foreach
Loading required package: rngtools
SEQUENTIAL MONTE CARLO
Sampling 500 99-unit maps with 4 districts and population between 753,973 and 769,205.
Split [0/3] ■ | ETA?
Split [3/3] ■■■■■■■■■■■■■■■■■■■■■■■■■■■■■■■ | ETA 0s
--- finished re-building ‘redist.Rmd’
SUMMARY: processing the following file failed:
‘map-preproc.Rmd’
Error: Vignette re-building failed.
Execution halted
Flavor: r-devel-linux-x86_64-fedora-gcc
Version: 4.2.0
Check: package dependencies
Result: NOTE
Package suggested but not available for checking: ‘Rmpi’
Flavors: r-oldrel-macos-arm64, r-oldrel-macos-x86_64
Version: 4.2.0
Check: installed package size
Result: NOTE
installed size is 18.3Mb
sub-directories of 1Mb or more:
data 1.2Mb
libs 14.5Mb
Flavors: r-oldrel-macos-arm64, r-oldrel-macos-x86_64, r-oldrel-windows-x86_64
Version: 4.2.0
Check: tests
Result: ERROR
Running 'spelling.R' [0s]
Running 'testthat.R' [23s]
Running the tests in 'tests/testthat.R' failed.
Complete output:
> library(testthat)
> library(redist)
Loading required package: redistmetrics
Attaching package: 'redist'
The following object is masked from 'package:stats':
filter
>
> test_check("redist")
-- redist_flip() ---------------------------------------------------------------
-- Automated Redistricting Simulation Using Markov Chain Monte Carlo --
i Preprocessing data.
i Starting swMH().
>------------------------------ 1% | ETA: 1s
==============================> 100% | ETA: 0s | MH Acceptance: 0.80
-- redist_flip() ---------------------------------------------------------------
-- Automated Redistricting Simulation Using Markov Chain Monte Carlo --
i Preprocessing data.
i Starting swMH().
-- redist_flip() ---------------------------------------------------------------
-- Automated Redistricting Simulation Using Markov Chain Monte Carlo --
i Preprocessing data.
i Starting swMH().
A <redist_plans> containing 927 sampled plans
Plans matrix: int [1:25, 1:927] 1 2 2 2 2 1 1 3 1 3 ...
# A tibble: 2,781 x 3
draw district total_pop
* <fct> <int> <dbl>
1 1 1 54487
2 1 2 58845
3 1 3 61711
4 2 1 59971
5 2 2 58845
6 2 3 56227
7 3 1 58863
8 3 2 59953
9 3 3 56227
10 4 1 58025
# i 2,771 more rows
Plans have 3 districts from a 25-unit map, and were drawn using Enumpart.
Plans matrix: int [1:25, 1:927] 1 2 2 2 2 1 1 3 1 3 ...
# A tibble: 2,781 x 3
draw district total_pop
* <fct> <int> <dbl>
1 1 1 54487
2 1 2 58845
3 1 3 61711
4 2 1 59971
5 2 2 58845
6 2 3 56227
7 3 1 58863
8 3 2 59953
9 3 3 56227
10 4 1 58025
# i 2,771 more rows
[ FAIL 1 | WARN 0 | SKIP 6 | PASS 104 ]
══ Skipped tests (6) ═══════════════════════════════════════════════════════════
• On CRAN (5): 'test_enumpart.R:2:1', 'test_ms.R:16:5', 'test_smc.R:40:5',
'test_smc.R:56:5', 'test_smc.R:78:5'
• On Windows (1): 'test_ms.R:31:5'
══ Failed tests ════════════════════════════════════════════════════════════════
── Failure ('test_burst.R:55:5'): short bursts work with multiple scorers ──────
1 (`actual`) not equal to cor(attr(plans, "pareto_score"), method = "spearman")[1, 2] (`expected`).
`actual`: 1.0
`expected`: NA
[ FAIL 1 | WARN 0 | SKIP 6 | PASS 104 ]
Error: Test failures
Execution halted
Flavor: r-oldrel-windows-x86_64