Last updated on 2025-02-05 17:50:06 CET.
Flavor | Version | Tinstall | Tcheck | Ttotal | Status | Flags |
---|---|---|---|---|---|---|
r-devel-linux-x86_64-debian-clang | 0.0-1 | 1.63 | 18.31 | 19.94 | NOTE | |
r-devel-linux-x86_64-debian-gcc | 0.0-1 | 1.42 | 15.16 | 16.58 | NOTE | |
r-devel-linux-x86_64-fedora-clang | 0.0-1 | 32.41 | OK | |||
r-devel-linux-x86_64-fedora-gcc | 0.0-1 | 30.75 | OK | |||
r-devel-windows-x86_64 | 0.0-1 | 3.00 | 43.00 | 46.00 | NOTE | |
r-patched-linux-x86_64 | 0.0-1 | 2.73 | 17.50 | 20.23 | NOTE | |
r-release-linux-x86_64 | 0.0-1 | 1.58 | 17.53 | 19.11 | NOTE | |
r-release-macos-arm64 | 0.0-1 | 15.00 | NOTE | |||
r-release-macos-x86_64 | 0.0-1 | 22.00 | NOTE | |||
r-release-windows-x86_64 | 0.0-1 | 2.00 | 41.00 | 43.00 | NOTE | |
r-oldrel-macos-arm64 | 0.0-1 | 18.00 | NOTE | |||
r-oldrel-macos-x86_64 | 0.0-1 | 20.00 | NOTE | |||
r-oldrel-windows-x86_64 | 0.0-1 | 3.00 | 41.00 | 44.00 | NOTE |
Version: 0.0-1
Check: Rd cross-references
Result: NOTE
Found the following Rd file(s) with Rd \link{} targets missing package
anchors:
number_range.Rd: or
Please provide package anchors for all Rd \link{} targets not in the
package itself and the base packages.
Flavors: r-devel-linux-x86_64-debian-clang, r-devel-linux-x86_64-debian-gcc, r-devel-windows-x86_64
Version: 0.0-1
Check: LazyData
Result: NOTE
'LazyData' is specified without a 'data' directory
Flavors: r-patched-linux-x86_64, r-release-linux-x86_64, r-release-macos-arm64, r-release-macos-x86_64, r-release-windows-x86_64, r-oldrel-macos-arm64, r-oldrel-macos-x86_64, r-oldrel-windows-x86_64