Last updated on 2024-06-15 17:57:42 CEST.
Flavor | Version | Tinstall | Tcheck | Ttotal | Status | Flags |
---|---|---|---|---|---|---|
r-devel-linux-x86_64-debian-clang | 2.15.0 | 55.95 | 257.07 | 313.02 | OK | |
r-devel-linux-x86_64-debian-gcc | 2.15.0 | 42.23 | 184.92 | 227.15 | OK | |
r-devel-linux-x86_64-fedora-clang | 2.15.0 | 383.91 | OK | |||
r-devel-linux-x86_64-fedora-gcc | 2.15.0 | 403.90 | OK | |||
r-devel-windows-x86_64 | 2.15.0 | 48.00 | 257.00 | 305.00 | OK | |
r-patched-linux-x86_64 | 2.15.0 | 57.08 | 243.73 | 300.81 | OK | |
r-release-linux-x86_64 | 2.15.0 | 52.76 | 243.10 | 295.86 | OK | |
r-release-macos-arm64 | 2.15.0 | 100.00 | NOTE | |||
r-release-macos-x86_64 | 2.15.0 | 164.00 | NOTE | |||
r-release-windows-x86_64 | 2.15.0 | 46.00 | 252.00 | 298.00 | OK | |
r-oldrel-macos-arm64 | 2.15.0 | 150.00 | NOTE | |||
r-oldrel-macos-x86_64 | 2.15.0 | 349.00 | NOTE | |||
r-oldrel-windows-x86_64 | 2.15.0 | 49.00 | 313.00 | 362.00 | OK |
Version: 2.15.0
Check: installed package size
Result: NOTE
installed size is 5.6Mb
sub-directories of 1Mb or more:
R 2.1Mb
data 1.7Mb
Flavors: r-release-macos-arm64, r-release-macos-x86_64, r-oldrel-macos-arm64, r-oldrel-macos-x86_64