Last updated on 2025-02-05 17:50:06 CET.
Flavor | Version | Tinstall | Tcheck | Ttotal | Status | Flags |
---|---|---|---|---|---|---|
r-devel-linux-x86_64-debian-clang | 0.1.4 | 112.52 | 33.32 | 145.84 | OK | |
r-devel-linux-x86_64-debian-gcc | 0.1.4 | 85.10 | 25.95 | 111.05 | OK | |
r-devel-linux-x86_64-fedora-clang | 0.1.4 | 314.97 | OK | |||
r-devel-linux-x86_64-fedora-gcc | 0.1.4 | 328.63 | OK | |||
r-devel-windows-x86_64 | 0.1.4 | 128.00 | 88.00 | 216.00 | OK | |
r-patched-linux-x86_64 | 0.1.4 | 120.98 | 32.00 | 152.98 | OK | |
r-release-linux-x86_64 | 0.1.4 | 119.06 | 31.67 | 150.73 | OK | |
r-release-macos-arm64 | 0.1.4 | 75.00 | NOTE | |||
r-release-macos-x86_64 | 0.1.4 | 109.00 | NOTE | |||
r-release-windows-x86_64 | 0.1.4 | 132.00 | 87.00 | 219.00 | OK | |
r-oldrel-macos-arm64 | 0.1.3 | 108.00 | NOTE | |||
r-oldrel-macos-x86_64 | 0.1.3 | 125.00 | NOTE | |||
r-oldrel-windows-x86_64 | 0.1.4 | 126.00 | 89.00 | 215.00 | OK |
Version: 0.1.4
Check: installed package size
Result: NOTE
installed size is 9.2Mb
sub-directories of 1Mb or more:
libs 8.9Mb
Flavors: r-release-macos-arm64, r-release-macos-x86_64
Version: 0.1.3
Check: installed package size
Result: NOTE
installed size is 8.9Mb
sub-directories of 1Mb or more:
libs 8.6Mb
Flavors: r-oldrel-macos-arm64, r-oldrel-macos-x86_64