Last updated on 2025-11-04 13:50:23 CET.
| Flavor | Version | Tinstall | Tcheck | Ttotal | Status | Flags |
|---|---|---|---|---|---|---|
| r-devel-linux-x86_64-debian-clang | 0.1.0 | 1.59 | 28.27 | 29.86 | OK | |
| r-devel-linux-x86_64-debian-gcc | 0.1.0 | 1.43 | 22.11 | 23.54 | OK | |
| r-devel-linux-x86_64-fedora-clang | 0.1.0 | 45.87 | OK | |||
| r-devel-linux-x86_64-fedora-gcc | 0.1.0 | 58.29 | OK | |||
| r-devel-windows-x86_64 | 0.1.0 | 3.00 | 47.00 | 50.00 | OK | |
| r-patched-linux-x86_64 | 0.1.0 | 1.95 | 26.84 | 28.79 | OK | |
| r-release-linux-x86_64 | 0.1.0 | 1.79 | 26.75 | 28.54 | OK | |
| r-release-macos-arm64 | 0.1.0 | 1.00 | 21.00 | 22.00 | OK | |
| r-release-macos-x86_64 | 0.1.0 | 2.00 | 34.00 | 36.00 | OK | |
| r-release-windows-x86_64 | 0.1.0 | 4.00 | 45.00 | 49.00 | OK | |
| r-oldrel-macos-arm64 | 0.1.0 | 1.00 | 21.00 | 22.00 | NOTE | |
| r-oldrel-macos-x86_64 | 0.1.0 | 1.00 | 30.00 | 31.00 | NOTE | |
| r-oldrel-windows-x86_64 | 0.1.0 | 4.00 | 53.00 | 57.00 | NOTE |
Version: 0.1.0
Check: LazyData
Result: NOTE
'LazyData' is specified without a 'data' directory
Flavors: r-oldrel-macos-arm64, r-oldrel-macos-x86_64, r-oldrel-windows-x86_64