Last updated on 2024-08-16 06:50:09 CEST.
Flavor | Version | Tinstall | Tcheck | Ttotal | Status | Flags |
---|---|---|---|---|---|---|
r-devel-linux-x86_64-debian-clang | 2.4.36 | 16.57 | 128.43 | 145.00 | NOTE | |
r-devel-linux-x86_64-debian-gcc | 2.4.36 | 11.18 | 85.34 | 96.52 | NOTE | |
r-devel-linux-x86_64-fedora-clang | 2.4.36 | 232.18 | OK | |||
r-devel-linux-x86_64-fedora-gcc | 2.4.36 | 219.59 | OK | |||
r-devel-windows-x86_64 | 2.4.36 | 20.00 | 154.00 | 174.00 | NOTE | |
r-patched-linux-x86_64 | 2.4.36 | 17.36 | 120.79 | 138.15 | OK | |
r-release-linux-x86_64 | 2.4.36 | 16.40 | 121.77 | 138.17 | OK | |
r-release-macos-arm64 | 2.4.36 | 61.00 | OK | |||
r-release-macos-x86_64 | 2.4.36 | 92.00 | OK | |||
r-release-windows-x86_64 | 2.4.36 | 20.00 | 149.00 | 169.00 | OK | |
r-oldrel-macos-arm64 | 2.4.36 | 66.00 | OK | |||
r-oldrel-macos-x86_64 | 2.4.36 | 134.00 | OK | |||
r-oldrel-windows-x86_64 | 2.4.36 | 23.00 | 181.00 | 204.00 | OK |
Version: 2.4.36
Check: Rd cross-references
Result: NOTE
Found the following Rd file(s) with Rd \link{} targets missing package
anchors:
groupwiseMean.Rd: boot.ci
groupwisePercentile.Rd: boot.ci
Please provide package anchors for all Rd \link{} targets not in the
package itself and the base packages.
Flavors: r-devel-linux-x86_64-debian-clang, r-devel-linux-x86_64-debian-gcc, r-devel-windows-x86_64