CRAN Package Check Results for Package rayshader

Last updated on 2025-06-30 18:49:49 CEST.

Flavor Version Tinstall Tcheck Ttotal Status Flags
r-devel-linux-x86_64-debian-clang 0.37.3 81.54 122.16 203.70 OK
r-devel-linux-x86_64-debian-gcc 0.37.3 53.81 82.30 136.11 OK
r-devel-linux-x86_64-fedora-clang 0.37.3 353.12 OK
r-devel-linux-x86_64-fedora-gcc 0.37.3 323.66 OK
r-devel-windows-x86_64 0.37.3 84.00 157.00 241.00 OK
r-patched-linux-x86_64 OK
r-release-linux-x86_64 0.37.3 69.63 113.39 183.02 OK
r-release-macos-arm64 0.37.3 75.00 OK
r-release-macos-x86_64 0.37.3 136.00 OK
r-release-windows-x86_64 0.37.3 92.00 158.00 250.00 OK
r-oldrel-macos-arm64 0.37.3 80.00 NOTE
r-oldrel-macos-x86_64 0.37.3 93.00 NOTE
r-oldrel-windows-x86_64 0.37.3 108.00 200.00 308.00 OK

Check Details

Version: 0.37.3
Check: installed package size
Result: NOTE installed size is 7.2Mb sub-directories of 1Mb or more: data 2.9Mb libs 3.3Mb Flavors: r-oldrel-macos-arm64, r-oldrel-macos-x86_64