Last updated on 2025-02-05 17:50:05 CET.
Flavor | Version | Tinstall | Tcheck | Ttotal | Status | Flags |
---|---|---|---|---|---|---|
r-devel-linux-x86_64-debian-clang | 1.2.0 | 4.23 | 31.61 | 35.84 | OK | |
r-devel-linux-x86_64-debian-gcc | 1.2.0 | 3.18 | 22.65 | 25.83 | OK | |
r-devel-linux-x86_64-fedora-clang | 1.2.0 | 57.88 | OK | |||
r-devel-linux-x86_64-fedora-gcc | 1.2.0 | 51.88 | OK | |||
r-devel-windows-x86_64 | 1.2.0 | 6.00 | 54.00 | 60.00 | OK | |
r-patched-linux-x86_64 | 1.2.0 | 4.62 | 28.85 | 33.47 | NOTE | |
r-release-linux-x86_64 | 1.2.0 | 4.45 | 29.06 | 33.51 | NOTE | |
r-release-macos-arm64 | 1.2.0 | 20.00 | NOTE | |||
r-release-macos-x86_64 | 1.2.0 | 29.00 | NOTE | |||
r-release-windows-x86_64 | 1.2.0 | 5.00 | 52.00 | 57.00 | NOTE | |
r-oldrel-macos-arm64 | 1.2.0 | 21.00 | NOTE | |||
r-oldrel-macos-x86_64 | 1.2.0 | 28.00 | NOTE | |||
r-oldrel-windows-x86_64 | 1.2.0 | 7.00 | 54.00 | 61.00 | NOTE |
Version: 1.2.0
Check: LazyData
Result: NOTE
'LazyData' is specified without a 'data' directory
Flavors: r-patched-linux-x86_64, r-release-linux-x86_64, r-release-macos-arm64, r-release-macos-x86_64, r-release-windows-x86_64, r-oldrel-macos-arm64, r-oldrel-macos-x86_64, r-oldrel-windows-x86_64