Last updated on 2024-08-16 06:50:09 CEST.
Flavor | Version | Tinstall | Tcheck | Ttotal | Status | Flags |
---|---|---|---|---|---|---|
r-devel-linux-x86_64-debian-clang | 3.6-26 | 173.49 | 403.06 | 576.55 | NOTE | |
r-devel-linux-x86_64-debian-gcc | 3.6-26 | 108.31 | 244.41 | 352.72 | NOTE | |
r-devel-linux-x86_64-fedora-clang | 3.6-26 | 980.00 | OK | |||
r-devel-linux-x86_64-fedora-gcc | 3.6-26 | 929.82 | OK | |||
r-devel-windows-x86_64 | 3.6-26 | 174.00 | 413.00 | 587.00 | NOTE | |
r-patched-linux-x86_64 | 3.6-26 | 167.82 | 375.82 | 543.64 | OK | |
r-release-linux-x86_64 | 3.6-26 | 163.84 | 377.63 | 541.47 | OK | |
r-release-macos-arm64 | 3.6-26 | 198.00 | NOTE | |||
r-release-macos-x86_64 | 3.6-26 | 371.00 | NOTE | |||
r-release-windows-x86_64 | 3.6-26 | 177.00 | 406.00 | 583.00 | NOTE | |
r-oldrel-macos-arm64 | 3.6-26 | 213.00 | NOTE | |||
r-oldrel-macos-x86_64 | 3.6-26 | 570.00 | NOTE | |||
r-oldrel-windows-x86_64 | 3.6-26 | 218.00 | 541.00 | 759.00 | NOTE |
Version: 3.6-26
Check: Rd cross-references
Result: NOTE
Found the following Rd file(s) with Rd \link{} targets missing package
anchors:
extract.Rd: SpatialPoints, SpatialPolygons
Please provide package anchors for all Rd \link{} targets not in the
package itself and the base packages.
Flavors: r-devel-linux-x86_64-debian-clang, r-devel-linux-x86_64-debian-gcc, r-devel-windows-x86_64
Version: 3.6-26
Check: installed package size
Result: NOTE
installed size is 5.6Mb
sub-directories of 1Mb or more:
R 3.1Mb
libs 1.4Mb
Flavors: r-devel-windows-x86_64, r-release-macos-arm64, r-release-macos-x86_64, r-release-windows-x86_64, r-oldrel-macos-arm64, r-oldrel-macos-x86_64, r-oldrel-windows-x86_64