Last updated on 2025-02-05 17:50:05 CET.
Flavor | Version | Tinstall | Tcheck | Ttotal | Status | Flags |
---|---|---|---|---|---|---|
r-devel-linux-x86_64-debian-clang | 0.2.2 | 4.94 | 30.89 | 35.83 | NOTE | |
r-devel-linux-x86_64-debian-gcc | 0.2.2 | 3.64 | 24.05 | 27.69 | NOTE | |
r-devel-linux-x86_64-fedora-clang | 0.2.2 | 57.98 | OK | |||
r-devel-linux-x86_64-fedora-gcc | 0.2.2 | 53.61 | OK | |||
r-devel-windows-x86_64 | 0.2.2 | 7.00 | 53.00 | 60.00 | NOTE | |
r-patched-linux-x86_64 | 0.2.2 | 12.09 | 28.87 | 40.96 | OK | |
r-release-linux-x86_64 | 0.2.2 | 4.20 | 28.69 | 32.89 | OK | |
r-release-macos-arm64 | 0.2.2 | 22.00 | OK | |||
r-release-macos-x86_64 | 0.2.2 | 29.00 | OK | |||
r-release-windows-x86_64 | 0.2.2 | 7.00 | 51.00 | 58.00 | OK | |
r-oldrel-macos-arm64 | 0.2.2 | 22.00 | OK | |||
r-oldrel-macos-x86_64 | 0.2.2 | 27.00 | OK | |||
r-oldrel-windows-x86_64 | 0.2.2 | 8.00 | 56.00 | 64.00 | OK |
Version: 0.2.2
Check: Rd cross-references
Result: NOTE
Found the following Rd file(s) with Rd \link{} targets missing package
anchors:
rasclass-class.Rd: randomForest, multinom, mlp, svm
Please provide package anchors for all Rd \link{} targets not in the
package itself and the base packages.
Flavors: r-devel-linux-x86_64-debian-clang, r-devel-linux-x86_64-debian-gcc, r-devel-windows-x86_64