CRAN Package Check Results for Package rapidxmlr

Last updated on 2025-02-05 17:50:05 CET.

Flavor Version Tinstall Tcheck Ttotal Status Flags
r-devel-linux-x86_64-debian-clang 0.1.0 1.48 14.77 16.25 OK
r-devel-linux-x86_64-debian-gcc 0.1.0 1.28 12.57 13.85 OK
r-devel-linux-x86_64-fedora-clang 0.1.0 27.16 OK
r-devel-linux-x86_64-fedora-gcc 0.1.0 25.11 OK
r-devel-windows-x86_64 0.1.0 3.00 34.00 37.00 OK
r-patched-linux-x86_64 0.1.0 1.31 14.50 15.81 NOTE
r-release-linux-x86_64 0.1.0 1.48 14.47 15.95 NOTE
r-release-macos-arm64 0.1.0 13.00 NOTE
r-release-macos-x86_64 0.1.0 18.00 NOTE
r-release-windows-x86_64 0.1.0 2.00 32.00 34.00 NOTE
r-oldrel-macos-arm64 0.1.0 16.00 NOTE
r-oldrel-macos-x86_64 0.1.0 17.00 NOTE
r-oldrel-windows-x86_64 0.1.0 4.00 32.00 36.00 NOTE

Check Details

Version: 0.1.0
Check: LazyData
Result: NOTE 'LazyData' is specified without a 'data' directory Flavors: r-patched-linux-x86_64, r-release-linux-x86_64, r-release-macos-arm64, r-release-macos-x86_64, r-release-windows-x86_64, r-oldrel-macos-arm64, r-oldrel-macos-x86_64, r-oldrel-windows-x86_64