Last updated on 2025-05-15 18:50:57 CEST.
Flavor | Version | Tinstall | Tcheck | Ttotal | Status | Flags |
---|---|---|---|---|---|---|
r-devel-linux-x86_64-debian-clang | 1.2.0 | 1.48 | 15.67 | 17.15 | OK | |
r-devel-linux-x86_64-debian-gcc | 1.2.0 | 1.34 | 13.06 | 14.40 | OK | |
r-devel-linux-x86_64-fedora-clang | 1.2.0 | 26.35 | OK | |||
r-devel-linux-x86_64-fedora-gcc | 1.2.0 | 25.92 | OK | |||
r-devel-windows-x86_64 | 1.2.0 | 2.00 | 33.00 | 35.00 | OK | |
r-patched-linux-x86_64 | 1.2.0 | 1.32 | 14.82 | 16.14 | OK | |
r-release-linux-x86_64 | 1.2.0 | 1.65 | 14.81 | 16.46 | OK | |
r-release-macos-arm64 | 1.2.0 | 15.00 | OK | |||
r-release-macos-x86_64 | 1.2.0 | 27.00 | OK | |||
r-release-windows-x86_64 | 1.2.0 | 2.00 | 37.00 | 39.00 | OK | |
r-oldrel-macos-arm64 | 1.2.0 | 16.00 | NOTE | |||
r-oldrel-macos-x86_64 | 1.2.0 | 23.00 | NOTE | |||
r-oldrel-windows-x86_64 | 1.2.0 | 2.00 | 33.00 | 35.00 | NOTE |
Version: 1.2.0
Check: LazyData
Result: NOTE
'LazyData' is specified without a 'data' directory
Flavors: r-oldrel-macos-arm64, r-oldrel-macos-x86_64, r-oldrel-windows-x86_64