Last updated on 2024-08-16 06:50:09 CEST.
Flavor | Version | Tinstall | Tcheck | Ttotal | Status | Flags |
---|---|---|---|---|---|---|
r-devel-linux-x86_64-debian-clang | 3.0.2 | 32.46 | 148.82 | 181.28 | NOTE | |
r-devel-linux-x86_64-debian-gcc | 3.0.2 | 18.84 | 102.90 | 121.74 | NOTE | |
r-devel-linux-x86_64-fedora-clang | 3.0.2 | 285.87 | NOTE | |||
r-devel-linux-x86_64-fedora-gcc | 3.0.2 | 279.00 | NOTE | |||
r-devel-windows-x86_64 | 3.0.2 | 32.00 | 164.00 | 196.00 | NOTE | |
r-patched-linux-x86_64 | 3.0.2 | 31.81 | 138.67 | 170.48 | NOTE | |
r-release-linux-x86_64 | 3.0.2 | 29.48 | 143.17 | 172.65 | NOTE | |
r-release-macos-arm64 | 3.0.2 | 74.00 | NOTE | |||
r-release-macos-x86_64 | 3.0.2 | 121.00 | NOTE | |||
r-release-windows-x86_64 | 3.0.2 | 33.00 | 163.00 | 196.00 | NOTE | |
r-oldrel-macos-arm64 | 3.0.2 | 78.00 | OK | |||
r-oldrel-macos-x86_64 | 3.0.2 | 192.00 | OK | |||
r-oldrel-windows-x86_64 | 3.0.2 | 42.00 | 209.00 | 251.00 | OK |
Version: 3.0.2
Check: Rd files
Result: NOTE
checkRd: (-1) makeDesignMatrix.Rd:16: Lost braces; missing escapes or markup?
16 | is randomized to a certain treatment {j}, the entry of \code{(i,j)} of the
| ^
Flavors: r-devel-linux-x86_64-debian-clang, r-devel-linux-x86_64-debian-gcc, r-devel-linux-x86_64-fedora-clang, r-devel-linux-x86_64-fedora-gcc, r-devel-windows-x86_64, r-patched-linux-x86_64, r-release-linux-x86_64, r-release-macos-arm64, r-release-macos-x86_64, r-release-windows-x86_64