Last updated on 2025-11-25 17:50:02 CET.
| Flavor | Version | Tinstall | Tcheck | Ttotal | Status | Flags |
|---|---|---|---|---|---|---|
| r-devel-linux-x86_64-debian-clang | 1.2.0 | 6.35 | 477.83 | 484.18 | OK | |
| r-devel-linux-x86_64-debian-gcc | 1.2.0 | 4.35 | 291.68 | 296.03 | OK | |
| r-devel-linux-x86_64-fedora-clang | 1.2.0 | 13.00 | 752.52 | 765.52 | OK | |
| r-devel-linux-x86_64-fedora-gcc | 1.2.0 | 12.00 | 730.46 | 742.46 | OK | |
| r-devel-windows-x86_64 | 1.2.0 | 8.00 | 388.00 | 396.00 | OK | |
| r-patched-linux-x86_64 | 1.2.0 | 6.99 | 453.61 | 460.60 | OK | |
| r-release-linux-x86_64 | 1.2.0 | 5.87 | 457.58 | 463.45 | OK | |
| r-release-macos-arm64 | 1.2.0 | 19.00 | 109.00 | 128.00 | ERROR | |
| r-release-macos-x86_64 | 1.2.0 | 18.00 | 451.00 | 469.00 | OK | |
| r-release-windows-x86_64 | 1.2.0 | 8.00 | 389.00 | 397.00 | OK | |
| r-oldrel-macos-arm64 | 1.2.0 | 5.00 | 108.00 | 113.00 | ERROR | |
| r-oldrel-macos-x86_64 | 1.2.0 | 18.00 | 435.00 | 453.00 | OK | |
| r-oldrel-windows-x86_64 | 1.2.0 | 10.00 | 547.00 | 557.00 | OK |
Version: 1.2.0
Check: re-building of vignette outputs
Result: ERROR
Error(s) in re-building vignettes:
--- re-building ‘ragtop_convertibles_in_r.Rmd’ using rmarkdown
2025-11-26 05:17:02.819 R[98406:565088] XType: Using static font registry.
Quitting from ragtop_convertibles_in_r.Rmd:424-461 [twitter_cb_via_BondValuation]
~~~~~~~~~~~~~~~~~~~~~~~~~~~~~~~~~~~~~~~~~~~~~~~~~~~~~~~~~~~~~~~~~~~~~~~~~~~~~~~~
<error/rlang_error>
Error in `if (index_LIPD >= 1) ...`:
! argument is of length zero
---
Backtrace:
▆
1. └─BondValuation::AnnivDates(...)
~~~~~~~~~~~~~~~~~~~~~~~~~~~~~~~~~~~~~~~~~~~~~~~~~~~~~~~~~~~~~~~~~~~~~~~~~~~~~~~~
Error: processing vignette 'ragtop_convertibles_in_r.Rmd' failed with diagnostics:
argument is of length zero
--- failed re-building ‘ragtop_convertibles_in_r.Rmd’
SUMMARY: processing the following file failed:
‘ragtop_convertibles_in_r.Rmd’
Error: Vignette re-building failed.
Execution halted
Flavor: r-release-macos-arm64
Version: 1.2.0
Check: re-building of vignette outputs
Result: ERROR
Error(s) in re-building vignettes:
--- re-building ‘ragtop_convertibles_in_r.Rmd’ using rmarkdown
2025-11-26 05:09:53.056 R[40582:200614] XType: Using static font registry.
Quitting from ragtop_convertibles_in_r.Rmd:424-461 [twitter_cb_via_BondValuation]
~~~~~~~~~~~~~~~~~~~~~~~~~~~~~~~~~~~~~~~~~~~~~~~~~~~~~~~~~~~~~~~~~~~~~~~~~~~~~~~~
<error/rlang_error>
Error in `if (index_LIPD >= 1) ...`:
! argument is of length zero
---
Backtrace:
▆
1. └─BondValuation::AnnivDates(...)
~~~~~~~~~~~~~~~~~~~~~~~~~~~~~~~~~~~~~~~~~~~~~~~~~~~~~~~~~~~~~~~~~~~~~~~~~~~~~~~~
Error: processing vignette 'ragtop_convertibles_in_r.Rmd' failed with diagnostics:
argument is of length zero
--- failed re-building ‘ragtop_convertibles_in_r.Rmd’
SUMMARY: processing the following file failed:
‘ragtop_convertibles_in_r.Rmd’
Error: Vignette re-building failed.
Execution halted
Flavor: r-oldrel-macos-arm64