CRAN Package Check Results for Package raem

Last updated on 2025-05-15 18:50:57 CEST.

Flavor Version Tinstall Tcheck Ttotal Status Flags
r-devel-linux-x86_64-debian-clang 0.1.0 3.68 195.10 198.78 NOTE
r-devel-linux-x86_64-debian-gcc 0.1.0 2.55 118.19 120.74 NOTE
r-devel-linux-x86_64-fedora-clang 0.1.0 312.51 NOTE
r-devel-linux-x86_64-fedora-gcc 0.1.0 342.09 NOTE
r-devel-windows-x86_64 0.1.0 5.00 179.00 184.00 NOTE
r-patched-linux-x86_64 0.1.0 3.80 184.31 188.11 NOTE
r-release-linux-x86_64 0.1.0 3.35 183.09 186.44 NOTE
r-release-macos-arm64 0.1.0 69.00 NOTE
r-release-macos-x86_64 0.1.0 159.00 NOTE
r-release-windows-x86_64 0.1.0 5.00 180.00 185.00 NOTE
r-oldrel-macos-arm64 0.1.0 96.00 OK
r-oldrel-macos-x86_64 0.1.0 317.00 OK
r-oldrel-windows-x86_64 0.1.0 6.00 244.00 250.00 OK

Check Details

Version: 0.1.0
Check: DESCRIPTION meta-information
Result: NOTE Missing dependency on R >= 4.1.0 because package code uses the pipe |> or function shorthand \(...) syntax added in R 4.1.0. File(s) using such syntax: ‘add_element.Rd’ Flavors: r-devel-linux-x86_64-debian-clang, r-devel-linux-x86_64-debian-gcc, r-devel-linux-x86_64-fedora-clang, r-devel-linux-x86_64-fedora-gcc, r-devel-windows-x86_64, r-patched-linux-x86_64, r-release-linux-x86_64, r-release-macos-arm64, r-release-macos-x86_64, r-release-windows-x86_64