Last updated on 2025-05-15 18:50:59 CEST.
Flavor | Version | Tinstall | Tcheck | Ttotal | Status | Flags |
---|---|---|---|---|---|---|
r-devel-linux-x86_64-debian-clang | 2.0.0 | 65.51 | 316.63 | 382.14 | OK | |
r-devel-linux-x86_64-debian-gcc | 2.0.0 | 45.15 | 204.89 | 250.04 | OK | |
r-devel-linux-x86_64-fedora-clang | 2.0.0 | 602.50 | OK | |||
r-devel-linux-x86_64-fedora-gcc | 2.0.0 | 645.42 | OK | |||
r-devel-windows-x86_64 | 2.0.0 | 62.00 | 255.00 | 317.00 | OK | |
r-patched-linux-x86_64 | 2.0.0 | 65.11 | 298.72 | 363.83 | OK | |
r-release-linux-x86_64 | 2.0.0 | 64.79 | 298.03 | 362.82 | OK | |
r-release-macos-arm64 | 2.0.0 | 223.00 | OK | |||
r-release-macos-x86_64 | 2.0.0 | 331.00 | OK | |||
r-release-windows-x86_64 | 2.0.0 | 58.00 | 258.00 | 316.00 | OK | |
r-oldrel-macos-arm64 | 2.0.0 | 150.00 | OK | |||
r-oldrel-macos-x86_64 | 2.0.0 | 235.00 | OK | |||
r-oldrel-windows-x86_64 | 2.0.0 | 84.00 | 348.00 | 432.00 | WARN |
Version: 2.0.0
Check: whether the namespace can be loaded with stated dependencies
Result: WARN
A namespace must be able to be loaded with just the base namespace
loaded: otherwise if the namespace gets loaded by a saved object, the
session will be unable to start.
Probably some imports need to be declared in the NAMESPACE file.
Flavor: r-oldrel-windows-x86_64