Last updated on 2025-11-26 05:51:48 CET.
| Flavor | Version | Tinstall | Tcheck | Ttotal | Status | Flags |
|---|---|---|---|---|---|---|
| r-devel-linux-x86_64-debian-clang | 0.1.0 | 1.43 | 23.07 | 24.50 | ERROR | |
| r-devel-linux-x86_64-debian-gcc | 0.1.0 | 1.35 | 18.64 | 19.99 | ERROR | |
| r-devel-linux-x86_64-fedora-clang | 0.1.0 | 41.09 | ERROR | |||
| r-devel-linux-x86_64-fedora-gcc | 0.1.0 | 52.42 | ERROR | |||
| r-devel-windows-x86_64 | 0.1.0 | 5.00 | 54.00 | 59.00 | NOTE | |
| r-patched-linux-x86_64 | 0.1.0 | 1.73 | 36.36 | 38.09 | NOTE | |
| r-release-linux-x86_64 | 0.1.0 | 1.49 | 36.29 | 37.78 | NOTE | |
| r-release-macos-arm64 | 0.1.0 | NOTE | ||||
| r-release-macos-x86_64 | 0.1.0 | 2.00 | 53.00 | 55.00 | NOTE | |
| r-release-windows-x86_64 | 0.1.0 | 2.00 | 63.00 | 65.00 | NOTE | |
| r-oldrel-macos-arm64 | 0.1.0 | NOTE | ||||
| r-oldrel-macos-x86_64 | 0.1.0 | 1.00 | 40.00 | 41.00 | NOTE | |
| r-oldrel-windows-x86_64 | 0.1.0 | 4.00 | 68.00 | 72.00 | NOTE |
Version: 0.1.0
Check: Rd files
Result: NOTE
checkRd: (-1) Ghana_2021_school_attendance.Rd:75: Lost braces in \itemize; meant \describe ?
checkRd: (-1) Ghana_2021_school_attendance_geometry.Rd:75: Lost braces in \itemize; meant \describe ?
Flavors: r-devel-linux-x86_64-debian-clang, r-devel-linux-x86_64-debian-gcc, r-devel-linux-x86_64-fedora-clang, r-devel-linux-x86_64-fedora-gcc, r-devel-windows-x86_64, r-patched-linux-x86_64, r-release-linux-x86_64, r-release-macos-arm64, r-release-macos-x86_64, r-release-windows-x86_64, r-oldrel-macos-arm64, r-oldrel-macos-x86_64, r-oldrel-windows-x86_64
Version: 0.1.0
Check: re-building of vignette outputs
Result: ERROR
Error(s) in re-building vignettes:
...
--- re-building ‘Create_map_displaying_Ghana_2019_School_Attendance_Indicators.Rmd’ using rmarkdown
Quitting from Create_map_displaying_Ghana_2019_School_Attendance_Indicators.Rmd:19-26 [setup]
~~~~~~~~~~~~~~~~~~~~~~~~~~~~~~~~~~~~~~~~~~~~~~~~~~~~~~~~~~~~~~~~~~~~~~~~~~~~~~~~
<error/rlang_error>
Error in `library()`:
! there is no package called 'tmap'
---
Backtrace:
▆
1. └─base::library(tmap)
~~~~~~~~~~~~~~~~~~~~~~~~~~~~~~~~~~~~~~~~~~~~~~~~~~~~~~~~~~~~~~~~~~~~~~~~~~~~~~~~
Error: processing vignette 'Create_map_displaying_Ghana_2019_School_Attendance_Indicators.Rmd' failed with diagnostics:
there is no package called 'tmap'
--- failed re-building ‘Create_map_displaying_Ghana_2019_School_Attendance_Indicators.Rmd’
SUMMARY: processing the following file failed:
‘Create_map_displaying_Ghana_2019_School_Attendance_Indicators.Rmd’
Error: Vignette re-building failed.
Execution halted
Flavors: r-devel-linux-x86_64-debian-clang, r-devel-linux-x86_64-debian-gcc
Version: 0.1.0
Check: re-building of vignette outputs
Result: ERROR
Error(s) in re-building vignettes:
--- re-building ‘Create_map_displaying_Ghana_2019_School_Attendance_Indicators.Rmd’ using rmarkdown
Quitting from Create_map_displaying_Ghana_2019_School_Attendance_Indicators.Rmd:19-26 [setup]
~~~~~~~~~~~~~~~~~~~~~~~~~~~~~~~~~~~~~~~~~~~~~~~~~~~~~~~~~~~~~~~~~~~~~~~~~~~~~~~~
<error/rlang_error>
Error in `library()`:
! there is no package called 'tmap'
---
Backtrace:
▆
1. └─base::library(tmap)
~~~~~~~~~~~~~~~~~~~~~~~~~~~~~~~~~~~~~~~~~~~~~~~~~~~~~~~~~~~~~~~~~~~~~~~~~~~~~~~~
Error: processing vignette 'Create_map_displaying_Ghana_2019_School_Attendance_Indicators.Rmd' failed with diagnostics:
there is no package called 'tmap'
--- failed re-building ‘Create_map_displaying_Ghana_2019_School_Attendance_Indicators.Rmd’
SUMMARY: processing the following file failed:
‘Create_map_displaying_Ghana_2019_School_Attendance_Indicators.Rmd’
Error: Vignette re-building failed.
Execution halted
Flavors: r-devel-linux-x86_64-fedora-clang, r-devel-linux-x86_64-fedora-gcc