Last updated on 2024-06-29 06:49:50 CEST.
Flavor | Version | Tinstall | Tcheck | Ttotal | Status | Flags |
---|---|---|---|---|---|---|
r-devel-linux-x86_64-debian-clang | 0.0.2 | 5.14 | 179.34 | 184.48 | OK | |
r-devel-linux-x86_64-debian-gcc | 0.0.2 | 4.40 | 127.22 | 131.62 | OK | |
r-devel-linux-x86_64-fedora-clang | 0.0.2 | 221.81 | NOTE | |||
r-devel-linux-x86_64-fedora-gcc | 0.0.2 | 220.17 | OK | |||
r-devel-windows-x86_64 | 0.0.2 | 7.00 | 138.00 | 145.00 | NOTE | |
r-patched-linux-x86_64 | 0.0.2 | 7.09 | 166.74 | 173.83 | OK | |
r-release-linux-x86_64 | 0.0.2 | 7.34 | 171.44 | 178.78 | OK | |
r-release-macos-arm64 | 0.0.2 | 67.00 | NOTE | |||
r-release-macos-x86_64 | 0.0.2 | 131.00 | NOTE | |||
r-release-windows-x86_64 | 0.0.2 | 7.00 | 141.00 | 148.00 | NOTE | |
r-oldrel-macos-arm64 | 0.0.2 | 72.00 | NOTE | |||
r-oldrel-macos-x86_64 | 0.0.2 | 115.00 | NOTE | |||
r-oldrel-windows-x86_64 | 0.0.2 | 7.00 | 179.00 | 186.00 | NOTE |
Version: 0.0.2
Check: installed package size
Result: NOTE
installed size is 7.4Mb
sub-directories of 1Mb or more:
doc 5.3Mb
htmlwidgets 1.8Mb
Flavors: r-devel-linux-x86_64-fedora-clang, r-devel-windows-x86_64, r-release-macos-arm64, r-release-macos-x86_64, r-release-windows-x86_64, r-oldrel-macos-arm64, r-oldrel-macos-x86_64, r-oldrel-windows-x86_64