Last updated on 2025-02-10 17:49:20 CET.
Flavor | Version | Tinstall | Tcheck | Ttotal | Status | Flags |
---|---|---|---|---|---|---|
r-devel-linux-x86_64-debian-clang | 1.0.0 | 2.85 | 32.93 | 35.78 | OK | |
r-devel-linux-x86_64-debian-gcc | 1.0.0 | 1.92 | 25.17 | 27.09 | OK | |
r-devel-linux-x86_64-fedora-clang | 1.0.0 | 60.55 | OK | |||
r-devel-linux-x86_64-fedora-gcc | 1.0.0 | 54.02 | OK | |||
r-devel-windows-x86_64 | 1.0.0 | 4.00 | 53.00 | 57.00 | OK | |
r-patched-linux-x86_64 | 1.0.0 | 2.85 | 32.07 | 34.92 | NOTE | |
r-release-linux-x86_64 | 1.0.0 | 2.84 | 31.98 | 34.82 | NOTE | |
r-release-macos-arm64 | 1.0.0 | 21.00 | NOTE | |||
r-release-macos-x86_64 | 1.0.0 | 30.00 | NOTE | |||
r-release-windows-x86_64 | 1.0.0 | 3.00 | 51.00 | 54.00 | NOTE | |
r-oldrel-macos-arm64 | 1.0.0 | 22.00 | NOTE | |||
r-oldrel-macos-x86_64 | 1.0.0 | 30.00 | NOTE | |||
r-oldrel-windows-x86_64 | 1.0.0 | 5.00 | 63.00 | 68.00 | NOTE |
Version: 1.0.0
Check: LazyData
Result: NOTE
'LazyData' is specified without a 'data' directory
Flavors: r-patched-linux-x86_64, r-release-linux-x86_64, r-release-macos-arm64, r-release-macos-x86_64, r-release-windows-x86_64, r-oldrel-macos-arm64, r-oldrel-macos-x86_64, r-oldrel-windows-x86_64