Last updated on 2025-11-25 17:50:01 CET.
| Flavor | Version | Tinstall | Tcheck | Ttotal | Status | Flags |
|---|---|---|---|---|---|---|
| r-devel-linux-x86_64-debian-clang | 0.4.28 | 14.85 | 88.33 | 103.18 | NOTE | |
| r-devel-linux-x86_64-debian-gcc | 0.4.28 | 9.55 | 58.97 | 68.52 | NOTE | |
| r-devel-linux-x86_64-fedora-clang | 0.4.28 | 31.00 | 127.28 | 158.28 | OK | |
| r-devel-linux-x86_64-fedora-gcc | 0.4.28 | 35.00 | 117.47 | 152.47 | OK | |
| r-devel-windows-x86_64 | 0.4.28 | 18.00 | 96.00 | 114.00 | OK | |
| r-patched-linux-x86_64 | 0.4.28 | 14.05 | 79.59 | 93.64 | NOTE | |
| r-release-linux-x86_64 | 0.4.28 | 12.99 | 78.00 | 90.99 | NOTE | |
| r-release-macos-arm64 | 0.4.28 | OK | ||||
| r-release-macos-x86_64 | 0.4.28 | 12.00 | 57.00 | 69.00 | OK | |
| r-release-windows-x86_64 | 0.4.28 | 17.00 | 108.00 | 125.00 | OK | |
| r-oldrel-macos-arm64 | 0.4.28 | OK | ||||
| r-oldrel-macos-x86_64 | 0.4.28 | 17.00 | 64.00 | 81.00 | OK | |
| r-oldrel-windows-x86_64 | 0.4.28 | 26.00 | 117.00 | 143.00 | OK |
Version: 0.4.28
Check: R code for possible problems
Result: NOTE
Found the following calls to attach():
File ‘quantmod/R/attachSymbols.R’:
attach(NULL, pos = pos, name = DB$name)
attach(NULL, pos = pos, name = DB$name)
See section ‘Good practice’ in ‘?attach’.
Flavors: r-devel-linux-x86_64-debian-clang, r-devel-linux-x86_64-debian-gcc, r-patched-linux-x86_64, r-release-linux-x86_64