Last updated on 2025-11-04 06:49:48 CET.
| Flavor | Version | Tinstall | Tcheck | Ttotal | Status | Flags | 
|---|---|---|---|---|---|---|
| r-devel-linux-x86_64-debian-clang | 0.2-13 | 87.97 | 162.06 | 250.03 | OK | |
| r-devel-linux-x86_64-debian-gcc | 0.2-13 | 67.25 | 108.15 | 175.40 | OK | |
| r-devel-linux-x86_64-fedora-clang | 0.2-13 | 144.00 | 271.23 | 415.23 | OK | |
| r-devel-linux-x86_64-fedora-gcc | 0.2-13 | 92.00 | 325.95 | 417.95 | OK | |
| r-devel-windows-x86_64 | 0.2-13 | 105.00 | 178.00 | 283.00 | OK | |
| r-patched-linux-x86_64 | 0.2-13 | 91.68 | 150.96 | 242.64 | OK | |
| r-release-linux-x86_64 | 0.2-13 | 96.14 | 152.12 | 248.26 | OK | |
| r-release-macos-arm64 | 0.2-13 | 35.00 | 69.00 | 104.00 | OK | |
| r-release-macos-x86_64 | 0.2-13 | 42.00 | 157.00 | 199.00 | OK | |
| r-release-windows-x86_64 | 0.2-13 | 104.00 | 181.00 | 285.00 | OK | |
| r-oldrel-macos-arm64 | 0.2-13 | 33.00 | 75.00 | 108.00 | NOTE | |
| r-oldrel-macos-x86_64 | 0.2-13 | 36.00 | 159.00 | 195.00 | NOTE | |
| r-oldrel-windows-x86_64 | 0.2-13 | 121.00 | 293.00 | 414.00 | OK | 
Version: 0.2-13
Check: installed package size
Result: NOTE
    installed size is  8.0Mb
    sub-directories of 1Mb or more:
      libs   7.6Mb
Flavors: r-oldrel-macos-arm64, r-oldrel-macos-x86_64