Last updated on 2025-02-10 17:49:20 CET.
Flavor | Version | Tinstall | Tcheck | Ttotal | Status | Flags |
---|---|---|---|---|---|---|
r-devel-linux-x86_64-debian-clang | 0.2.1 | 13.03 | 120.37 | 133.40 | NOTE | |
r-devel-linux-x86_64-debian-gcc | 0.2.1 | 9.32 | 83.59 | 92.91 | NOTE | |
r-devel-linux-x86_64-fedora-clang | 0.2.1 | 213.11 | OK | |||
r-devel-linux-x86_64-fedora-gcc | 0.2.1 | 198.36 | OK | |||
r-devel-windows-x86_64 | 0.2.1 | 14.00 | 123.00 | 137.00 | NOTE | |
r-patched-linux-x86_64 | 0.2.1 | 19.04 | 110.33 | 129.37 | OK | |
r-release-linux-x86_64 | 0.2.1 | 12.97 | 111.71 | 124.68 | OK | |
r-release-macos-arm64 | 0.2.1 | 57.00 | OK | |||
r-release-macos-x86_64 | 0.2.1 | 101.00 | OK | |||
r-release-windows-x86_64 | 0.2.1 | 15.00 | 124.00 | 139.00 | OK | |
r-oldrel-macos-arm64 | 0.2.1 | 57.00 | OK | |||
r-oldrel-macos-x86_64 | 0.2.1 | 124.00 | OK | |||
r-oldrel-windows-x86_64 | 0.2.1 | 19.00 | 151.00 | 170.00 | OK |
Version: 0.2.1
Check: Rd cross-references
Result: NOTE
Found the following Rd file(s) with Rd \link{} targets missing package
anchors:
piqr.Rd: slp, iqr, summary.iqr, test.fit
predict.piqr.Rd: predict.iqr
summary.piqr.Rd: summary.iqr
Please provide package anchors for all Rd \link{} targets not in the
package itself and the base packages.
Flavors: r-devel-linux-x86_64-debian-clang, r-devel-linux-x86_64-debian-gcc, r-devel-windows-x86_64