Last updated on 2025-05-15 18:50:56 CEST.
Flavor | Version | Tinstall | Tcheck | Ttotal | Status | Flags |
---|---|---|---|---|---|---|
r-devel-linux-x86_64-debian-clang | 0.3.0 | 5.04 | 102.49 | 107.53 | NOTE | |
r-devel-linux-x86_64-debian-gcc | 0.3.0 | 3.25 | 70.34 | 73.59 | NOTE | |
r-devel-linux-x86_64-fedora-clang | 0.3.0 | 165.94 | OK | |||
r-devel-linux-x86_64-fedora-gcc | 0.3.0 | 180.86 | OK | |||
r-devel-windows-x86_64 | 0.3.0 | 8.00 | 127.00 | 135.00 | NOTE | |
r-patched-linux-x86_64 | 0.3.0 | 5.01 | 99.69 | 104.70 | NOTE | |
r-release-linux-x86_64 | 0.3.0 | 4.89 | 99.40 | 104.29 | NOTE | |
r-release-macos-arm64 | 0.3.0 | 53.00 | OK | |||
r-release-macos-x86_64 | 0.3.0 | 99.00 | OK | |||
r-release-windows-x86_64 | 0.3.0 | 7.00 | 128.00 | 135.00 | NOTE | |
r-oldrel-macos-arm64 | 0.3.0 | 50.00 | OK | |||
r-oldrel-macos-x86_64 | 0.3.0 | 81.00 | OK | |||
r-oldrel-windows-x86_64 | 0.3.0 | 9.00 | 145.00 | 154.00 | OK |
Version: 0.3.0
Check: Rd cross-references
Result: NOTE
Found the following Rd file(s) with Rd \link{} targets missing package
anchors:
geom_qqboxplot.Rd: geom_boxplot
Please provide package anchors for all Rd \link{} targets not in the
package itself and the base packages.
Flavors: r-devel-linux-x86_64-debian-clang, r-devel-linux-x86_64-debian-gcc, r-devel-windows-x86_64, r-patched-linux-x86_64, r-release-linux-x86_64, r-release-windows-x86_64