Last updated on 2025-11-04 06:49:48 CET.
| Flavor | Version | Tinstall | Tcheck | Ttotal | Status | Flags | 
|---|---|---|---|---|---|---|
| r-devel-linux-x86_64-debian-clang | 2.4.6 | 35.86 | 257.35 | 293.21 | ERROR | |
| r-devel-linux-x86_64-debian-gcc | 2.4.6 | 25.16 | 166.14 | 191.30 | ERROR | |
| r-devel-linux-x86_64-fedora-clang | 2.4.6 | 90.00 | 353.41 | 443.41 | ERROR | |
| r-devel-linux-x86_64-fedora-gcc | 2.4.6 | 80.00 | 346.13 | 426.13 | ERROR | |
| r-devel-windows-x86_64 | 2.4.6 | 47.00 | 298.00 | 345.00 | ERROR | |
| r-patched-linux-x86_64 | 2.4.6 | 43.22 | 237.75 | 280.97 | ERROR | |
| r-release-linux-x86_64 | 2.4.6 | 34.71 | 240.21 | 274.92 | ERROR | |
| r-release-macos-arm64 | 2.4.6 | 14.00 | 89.00 | 103.00 | NOTE | |
| r-release-macos-x86_64 | 2.4.6 | 34.00 | 176.00 | 210.00 | NOTE | |
| r-release-windows-x86_64 | 2.4.6 | 50.00 | 294.00 | 344.00 | ERROR | |
| r-oldrel-macos-arm64 | 2.4.6 | 15.00 | 87.00 | 102.00 | NOTE | |
| r-oldrel-macos-x86_64 | 2.4.6 | 25.00 | 135.00 | 160.00 | NOTE | |
| r-oldrel-windows-x86_64 | 2.4.6 | 60.00 | 365.00 | 425.00 | ERROR | 
Version: 2.4.6
Check: Rd files
Result: NOTE
  checkRd: (-1) check_text.Rd:19: Lost braces in \itemize; \value handles \item{}{} directly
  checkRd: (-1) check_text.Rd:20: Lost braces in \itemize; \value handles \item{}{} directly
  checkRd: (-1) check_text.Rd:21: Lost braces in \itemize; \value handles \item{}{} directly
  checkRd: (-1) check_text.Rd:22: Lost braces in \itemize; \value handles \item{}{} directly
  checkRd: (-1) check_text.Rd:23: Lost braces in \itemize; \value handles \item{}{} directly
  checkRd: (-1) check_text.Rd:24: Lost braces in \itemize; \value handles \item{}{} directly
  checkRd: (-1) check_text.Rd:25: Lost braces in \itemize; \value handles \item{}{} directly
  checkRd: (-1) check_text.Rd:26: Lost braces in \itemize; \value handles \item{}{} directly
  checkRd: (-1) check_text.Rd:27: Lost braces in \itemize; \value handles \item{}{} directly
  checkRd: (-1) check_text.Rd:28: Lost braces in \itemize; \value handles \item{}{} directly
  checkRd: (-1) check_text.Rd:29: Lost braces in \itemize; \value handles \item{}{} directly
  checkRd: (-1) check_text.Rd:30: Lost braces in \itemize; \value handles \item{}{} directly
  checkRd: (-1) new_project.Rd:30-34: Lost braces in \itemize; meant \describe ?
  checkRd: (-1) new_project.Rd:32: Lost braces in \itemize; meant \describe ?
  checkRd: (-1) new_project.Rd:35-39: Lost braces in \itemize; meant \describe ?
  checkRd: (-1) new_project.Rd:37: Lost braces in \itemize; meant \describe ?
  checkRd: (-1) new_project.Rd:40: Lost braces in \itemize; meant \describe ?
  checkRd: (-1) new_project.Rd:42: Lost braces in \itemize; meant \describe ?
  checkRd: (-1) new_project.Rd:43: Lost braces in \itemize; meant \describe ?
  checkRd: (-1) new_project.Rd:44: Lost braces in \itemize; meant \describe ?
  checkRd: (-1) new_project.Rd:45-54: Lost braces in \itemize; meant \describe ?
  checkRd: (-1) new_project.Rd:47: Lost braces in \itemize; meant \describe ?
  checkRd: (-1) new_project.Rd:48: Lost braces in \itemize; meant \describe ?
  checkRd: (-1) new_project.Rd:49: Lost braces in \itemize; meant \describe ?
  checkRd: (-1) new_project.Rd:50: Lost braces in \itemize; meant \describe ?
  checkRd: (-1) new_project.Rd:51: Lost braces in \itemize; meant \describe ?
  checkRd: (-1) new_project.Rd:52: Lost braces in \itemize; meant \describe ?
  checkRd: (-1) new_project.Rd:55-60: Lost braces in \itemize; meant \describe ?
  checkRd: (-1) new_project.Rd:57: Lost braces in \itemize; meant \describe ?
  checkRd: (-1) new_project.Rd:58: Lost braces in \itemize; meant \describe ?
  checkRd: (-1) new_project.Rd:62: Lost braces in \itemize; meant \describe ?
  checkRd: (-1) new_project.Rd:63: Lost braces in \itemize; meant \describe ?
  checkRd: (-1) new_project.Rd:64: Lost braces in \itemize; meant \describe ?
  checkRd: (-1) new_project.Rd:65-71: Lost braces in \itemize; meant \describe ?
  checkRd: (-1) new_project.Rd:67: Lost braces in \itemize; meant \describe ?
  checkRd: (-1) new_project.Rd:68: Lost braces in \itemize; meant \describe ?
  checkRd: (-1) new_project.Rd:69: Lost braces in \itemize; meant \describe ?
  checkRd: (-1) new_project.Rd:72: Lost braces in \itemize; meant \describe ?
  checkRd: (-1) new_project.Rd:73: Lost braces in \itemize; meant \describe ?
  checkRd: (-1) new_project.Rd:74-79: Lost braces in \itemize; meant \describe ?
  checkRd: (-1) new_project.Rd:76: Lost braces in \itemize; meant \describe ?
  checkRd: (-1) new_project.Rd:77: Lost braces in \itemize; meant \describe ?
  checkRd: (-1) new_project.Rd:80: Lost braces in \itemize; meant \describe ?
  checkRd: (-1) new_project.Rd:81: Lost braces in \itemize; meant \describe ?
  checkRd: (-1) new_project.Rd:82: Lost braces in \itemize; meant \describe ?
  checkRd: (-1) new_project.Rd:83: Lost braces in \itemize; meant \describe ?
  checkRd: (-1) plot.lexical.Rd:24: Lost braces
      24 | \item{random.order}{logical.  If code{TRUE} plot words in random order. If \code{FALSE}, they will be plotted in decreasing frequency.}
         |                                      ^
  checkRd: (-1) trans_venn.Rd:81: Lost braces
      81 | \{code{\link[qdap]{Dissimilarity}} measures labeling the edges between nodes 
         |       ^
  checkRd: (-1) word_stats.Rd:54: Lost braces in \itemize; \value handles \item{}{} directly
  checkRd: (-1) word_stats.Rd:55: Lost braces in \itemize; \value handles \item{}{} directly
  checkRd: (-1) word_stats.Rd:56: Lost braces in \itemize; \value handles \item{}{} directly
  checkRd: (-1) word_stats.Rd:57: Lost braces in \itemize; \value handles \item{}{} directly
  checkRd: (-1) word_stats.Rd:58: Lost braces in \itemize; \value handles \item{}{} directly
  checkRd: (-1) word_stats.Rd:59: Lost braces in \itemize; \value handles \item{}{} directly
  checkRd: (-1) word_stats.Rd:60: Lost braces in \itemize; \value handles \item{}{} directly
  checkRd: (-1) word_stats.Rd:61: Lost braces in \itemize; \value handles \item{}{} directly
  checkRd: (-1) word_stats.Rd:62: Lost braces in \itemize; \value handles \item{}{} directly
  checkRd: (-1) word_stats.Rd:63: Lost braces in \itemize; \value handles \item{}{} directly
  checkRd: (-1) word_stats.Rd:64: Lost braces in \itemize; \value handles \item{}{} directly
  checkRd: (-1) word_stats.Rd:65: Lost braces in \itemize; \value handles \item{}{} directly
  checkRd: (-1) word_stats.Rd:66: Lost braces in \itemize; \value handles \item{}{} directly
  checkRd: (-1) word_stats.Rd:67: Lost braces in \itemize; \value handles \item{}{} directly
  checkRd: (-1) word_stats.Rd:68: Lost braces in \itemize; \value handles \item{}{} directly
  checkRd: (-1) word_stats.Rd:69: Lost braces in \itemize; \value handles \item{}{} directly
  checkRd: (-1) word_stats.Rd:70: Lost braces in \itemize; \value handles \item{}{} directly
  checkRd: (-1) word_stats.Rd:71: Lost braces in \itemize; \value handles \item{}{} directly
  checkRd: (-1) word_stats.Rd:72: Lost braces in \itemize; \value handles \item{}{} directly
  checkRd: (-1) word_stats.Rd:73: Lost braces in \itemize; \value handles \item{}{} directly
  checkRd: (-1) word_stats.Rd:74: Lost braces in \itemize; \value handles \item{}{} directly
  checkRd: (-1) word_stats.Rd:75: Lost braces in \itemize; \value handles \item{}{} directly
  checkRd: (-1) word_stats.Rd:76: Lost braces in \itemize; \value handles \item{}{} directly
  checkRd: (-1) word_stats.Rd:77: Lost braces in \itemize; \value handles \item{}{} directly
  checkRd: (-1) word_stats.Rd:78: Lost braces in \itemize; \value handles \item{}{} directly
  checkRd: (-1) word_stats.Rd:79: Lost braces in \itemize; \value handles \item{}{} directly
Flavors: r-devel-linux-x86_64-debian-clang, r-devel-linux-x86_64-debian-gcc, r-devel-linux-x86_64-fedora-clang, r-devel-linux-x86_64-fedora-gcc, r-devel-windows-x86_64, r-patched-linux-x86_64, r-release-linux-x86_64, r-release-macos-arm64, r-release-macos-x86_64, r-release-windows-x86_64, r-oldrel-macos-arm64, r-oldrel-macos-x86_64, r-oldrel-windows-x86_64
Version: 2.4.6
Check: tests
Result: ERROR
    Running ‘testthat.R’ [21s/21s]
  Running the tests in ‘tests/testthat.R’ failed.
  Complete output:
    > library("testthat")
    > library("qdap")
    Loading required package: qdapDictionaries
    Loading required package: qdapRegex
    Loading required package: qdapTools
    Loading required package: RColorBrewer
    
    Attaching package: 'qdap'
    
    The following objects are masked from 'package:base':
    
        Filter, proportions
    
    > 
    > 
    > test_check("qdap")
    
      |                                                                            
      |                                                                      |   0%
      |                                                                            
      |======                                                                |   9%
      |                                                                            
      |=============                                                         |  18%
      |                                                                            
      |===================                                                   |  27%
      |                                                                            
      |=========================                                             |  36%
      |                                                                            
      |================================                                      |  45%
      |                                                                            
      |======================================                                |  55%
      |                                                                            
      |=============================================                         |  64%
      |                                                                            
      |===================================================                   |  73%
      |                                                                            
      |=========================================================             |  82%
      |                                                                            
      |================================================================      |  91%
      |                                                                            
      |======================================================================| 100%
    
      |                                                                            
      |                                                                      |   0%
      |                                                                            
      |======                                                                |   9%
      |                                                                            
      |=============                                                         |  18%
      |                                                                            
      |===================                                                   |  27%
      |                                                                            
      |=========================                                             |  36%
      |                                                                            
      |================================                                      |  45%
      |                                                                            
      |======================================                                |  55%
      |                                                                            
      |=============================================                         |  64%
      |                                                                            
      |===================================================                   |  73%
      |                                                                            
      |=========================================================             |  82%
      |                                                                            
      |================================================================      |  91%
      |                                                                            
      |======================================================================| 100%
    [ FAIL 1 | WARN 3 | SKIP 0 | PASS 217 ]
    
    ══ Failed tests ════════════════════════════════════════════════════════════════
    ── Failure ('test-dispersion_plot.R:6:5'): dispersion_plot outputs a ggplot object ──
    all(class(m) == c("gg", "ggplot")) is not TRUE
    
    `actual`:   FALSE
    `expected`: TRUE 
    
    [ FAIL 1 | WARN 3 | SKIP 0 | PASS 217 ]
    Error: Test failures
    Execution halted
Flavor: r-devel-linux-x86_64-debian-clang
Version: 2.4.6
Check: tests
Result: ERROR
    Running ‘testthat.R’ [14s/14s]
  Running the tests in ‘tests/testthat.R’ failed.
  Complete output:
    > library("testthat")
    > library("qdap")
    Loading required package: qdapDictionaries
    Loading required package: qdapRegex
    Loading required package: qdapTools
    Loading required package: RColorBrewer
    
    Attaching package: 'qdap'
    
    The following objects are masked from 'package:base':
    
        Filter, proportions
    
    > 
    > 
    > test_check("qdap")
    
      |                                                                            
      |                                                                      |   0%
      |                                                                            
      |======                                                                |   9%
      |                                                                            
      |=============                                                         |  18%
      |                                                                            
      |===================                                                   |  27%
      |                                                                            
      |=========================                                             |  36%
      |                                                                            
      |================================                                      |  45%
      |                                                                            
      |======================================                                |  55%
      |                                                                            
      |=============================================                         |  64%
      |                                                                            
      |===================================================                   |  73%
      |                                                                            
      |=========================================================             |  82%
      |                                                                            
      |================================================================      |  91%
      |                                                                            
      |======================================================================| 100%
    
      |                                                                            
      |                                                                      |   0%
      |                                                                            
      |======                                                                |   9%
      |                                                                            
      |=============                                                         |  18%
      |                                                                            
      |===================                                                   |  27%
      |                                                                            
      |=========================                                             |  36%
      |                                                                            
      |================================                                      |  45%
      |                                                                            
      |======================================                                |  55%
      |                                                                            
      |=============================================                         |  64%
      |                                                                            
      |===================================================                   |  73%
      |                                                                            
      |=========================================================             |  82%
      |                                                                            
      |================================================================      |  91%
      |                                                                            
      |======================================================================| 100%
    [ FAIL 1 | WARN 3 | SKIP 0 | PASS 217 ]
    
    ══ Failed tests ════════════════════════════════════════════════════════════════
    ── Failure ('test-dispersion_plot.R:6:5'): dispersion_plot outputs a ggplot object ──
    all(class(m) == c("gg", "ggplot")) is not TRUE
    
    `actual`:   FALSE
    `expected`: TRUE 
    
    [ FAIL 1 | WARN 3 | SKIP 0 | PASS 217 ]
    Error: Test failures
    Execution halted
Flavor: r-devel-linux-x86_64-debian-gcc
Version: 2.4.6
Check: tests
Result: ERROR
    Running ‘testthat.R’ [32s/32s]
  Running the tests in ‘tests/testthat.R’ failed.
  Complete output:
    > library("testthat")
    > library("qdap")
    Loading required package: qdapDictionaries
    Loading required package: qdapRegex
    Loading required package: qdapTools
    Loading required package: RColorBrewer
    
    Attaching package: 'qdap'
    
    The following objects are masked from 'package:base':
    
        Filter, proportions
    
    > 
    > 
    > test_check("qdap")
    
      |                                                                            
      |                                                                      |   0%
      |                                                                            
      |======                                                                |   9%
      |                                                                            
      |=============                                                         |  18%
      |                                                                            
      |===================                                                   |  27%
      |                                                                            
      |=========================                                             |  36%
      |                                                                            
      |================================                                      |  45%
      |                                                                            
      |======================================                                |  55%
      |                                                                            
      |=============================================                         |  64%
      |                                                                            
      |===================================================                   |  73%
      |                                                                            
      |=========================================================             |  82%
      |                                                                            
      |================================================================      |  91%
      |                                                                            
      |======================================================================| 100%
    
      |                                                                            
      |                                                                      |   0%
      |                                                                            
      |======                                                                |   9%
      |                                                                            
      |=============                                                         |  18%
      |                                                                            
      |===================                                                   |  27%
      |                                                                            
      |=========================                                             |  36%
      |                                                                            
      |================================                                      |  45%
      |                                                                            
      |======================================                                |  55%
      |                                                                            
      |=============================================                         |  64%
      |                                                                            
      |===================================================                   |  73%
      |                                                                            
      |=========================================================             |  82%
      |                                                                            
      |================================================================      |  91%
      |                                                                            
      |======================================================================| 100%
    [ FAIL 1 | WARN 3 | SKIP 0 | PASS 217 ]
    
    ══ Failed tests ════════════════════════════════════════════════════════════════
    ── Failure ('test-dispersion_plot.R:6:5'): dispersion_plot outputs a ggplot object ──
    all(class(m) == c("gg", "ggplot")) is not TRUE
    
    `actual`:   FALSE
    `expected`: TRUE 
    
    [ FAIL 1 | WARN 3 | SKIP 0 | PASS 217 ]
    Error: Test failures
    Execution halted
Flavor: r-devel-linux-x86_64-fedora-clang
Version: 2.4.6
Check: tests
Result: ERROR
    Running ‘testthat.R’ [32s/30s]
  Running the tests in ‘tests/testthat.R’ failed.
  Complete output:
    > library("testthat")
    > library("qdap")
    Loading required package: qdapDictionaries
    Loading required package: qdapRegex
    Loading required package: qdapTools
    Loading required package: RColorBrewer
    
    Attaching package: 'qdap'
    
    The following objects are masked from 'package:base':
    
        Filter, proportions
    
    > 
    > 
    > test_check("qdap")
    
      |                                                                            
      |                                                                      |   0%
      |                                                                            
      |======                                                                |   9%
      |                                                                            
      |=============                                                         |  18%
      |                                                                            
      |===================                                                   |  27%
      |                                                                            
      |=========================                                             |  36%
      |                                                                            
      |================================                                      |  45%
      |                                                                            
      |======================================                                |  55%
      |                                                                            
      |=============================================                         |  64%
      |                                                                            
      |===================================================                   |  73%
      |                                                                            
      |=========================================================             |  82%
      |                                                                            
      |================================================================      |  91%
      |                                                                            
      |======================================================================| 100%
    
      |                                                                            
      |                                                                      |   0%
      |                                                                            
      |======                                                                |   9%
      |                                                                            
      |=============                                                         |  18%
      |                                                                            
      |===================                                                   |  27%
      |                                                                            
      |=========================                                             |  36%
      |                                                                            
      |================================                                      |  45%
      |                                                                            
      |======================================                                |  55%
      |                                                                            
      |=============================================                         |  64%
      |                                                                            
      |===================================================                   |  73%
      |                                                                            
      |=========================================================             |  82%
      |                                                                            
      |================================================================      |  91%
      |                                                                            
      |======================================================================| 100%
    [ FAIL 1 | WARN 3 | SKIP 0 | PASS 217 ]
    
    ══ Failed tests ════════════════════════════════════════════════════════════════
    ── Failure ('test-dispersion_plot.R:6:5'): dispersion_plot outputs a ggplot object ──
    all(class(m) == c("gg", "ggplot")) is not TRUE
    
    `actual`:   FALSE
    `expected`: TRUE 
    
    [ FAIL 1 | WARN 3 | SKIP 0 | PASS 217 ]
    Error: Test failures
    Execution halted
Flavor: r-devel-linux-x86_64-fedora-gcc
Version: 2.4.6
Check: tests
Result: ERROR
    Running 'testthat.R' [20s]
  Running the tests in 'tests/testthat.R' failed.
  Complete output:
    > library("testthat")
    > library("qdap")
    Loading required package: qdapDictionaries
    Loading required package: qdapRegex
    Loading required package: qdapTools
    Loading required package: RColorBrewer
    
    Attaching package: 'qdap'
    
    The following objects are masked from 'package:base':
    
        Filter, proportions
    
    > 
    > 
    > test_check("qdap")
    [ FAIL 1 | WARN 3 | SKIP 0 | PASS 217 ]
    
    ══ Failed tests ════════════════════════════════════════════════════════════════
    ── Failure ('test-dispersion_plot.R:6:5'): dispersion_plot outputs a ggplot object ──
    all(class(m) == c("gg", "ggplot")) is not TRUE
    
    `actual`:   FALSE
    `expected`: TRUE 
    
    [ FAIL 1 | WARN 3 | SKIP 0 | PASS 217 ]
    Error: Test failures
    Execution halted
Flavor: r-devel-windows-x86_64
Version: 2.4.6
Check: tests
Result: ERROR
    Running ‘testthat.R’ [20s/25s]
  Running the tests in ‘tests/testthat.R’ failed.
  Complete output:
    > library("testthat")
    > library("qdap")
    Loading required package: qdapDictionaries
    Loading required package: qdapRegex
    Loading required package: qdapTools
    Loading required package: RColorBrewer
    
    Attaching package: 'qdap'
    
    The following objects are masked from 'package:base':
    
        Filter, proportions
    
    > 
    > 
    > test_check("qdap")
    
      |                                                                            
      |                                                                      |   0%
      |                                                                            
      |======                                                                |   9%
      |                                                                            
      |=============                                                         |  18%
      |                                                                            
      |===================                                                   |  27%
      |                                                                            
      |=========================                                             |  36%
      |                                                                            
      |================================                                      |  45%
      |                                                                            
      |======================================                                |  55%
      |                                                                            
      |=============================================                         |  64%
      |                                                                            
      |===================================================                   |  73%
      |                                                                            
      |=========================================================             |  82%
      |                                                                            
      |================================================================      |  91%
      |                                                                            
      |======================================================================| 100%
    
      |                                                                            
      |                                                                      |   0%
      |                                                                            
      |======                                                                |   9%
      |                                                                            
      |=============                                                         |  18%
      |                                                                            
      |===================                                                   |  27%
      |                                                                            
      |=========================                                             |  36%
      |                                                                            
      |================================                                      |  45%
      |                                                                            
      |======================================                                |  55%
      |                                                                            
      |=============================================                         |  64%
      |                                                                            
      |===================================================                   |  73%
      |                                                                            
      |=========================================================             |  82%
      |                                                                            
      |================================================================      |  91%
      |                                                                            
      |======================================================================| 100%
    [ FAIL 1 | WARN 3 | SKIP 0 | PASS 217 ]
    
    ══ Failed tests ════════════════════════════════════════════════════════════════
    ── Failure ('test-dispersion_plot.R:6:5'): dispersion_plot outputs a ggplot object ──
    all(class(m) == c("gg", "ggplot")) is not TRUE
    
    `actual`:   FALSE
    `expected`: TRUE 
    
    [ FAIL 1 | WARN 3 | SKIP 0 | PASS 217 ]
    Error: Test failures
    Execution halted
Flavor: r-patched-linux-x86_64
Version: 2.4.6
Check: tests
Result: ERROR
    Running ‘testthat.R’ [20s/20s]
  Running the tests in ‘tests/testthat.R’ failed.
  Complete output:
    > library("testthat")
    > library("qdap")
    Loading required package: qdapDictionaries
    Loading required package: qdapRegex
    Loading required package: qdapTools
    Loading required package: RColorBrewer
    
    Attaching package: 'qdap'
    
    The following objects are masked from 'package:base':
    
        Filter, proportions
    
    > 
    > 
    > test_check("qdap")
    
      |                                                                            
      |                                                                      |   0%
      |                                                                            
      |======                                                                |   9%
      |                                                                            
      |=============                                                         |  18%
      |                                                                            
      |===================                                                   |  27%
      |                                                                            
      |=========================                                             |  36%
      |                                                                            
      |================================                                      |  45%
      |                                                                            
      |======================================                                |  55%
      |                                                                            
      |=============================================                         |  64%
      |                                                                            
      |===================================================                   |  73%
      |                                                                            
      |=========================================================             |  82%
      |                                                                            
      |================================================================      |  91%
      |                                                                            
      |======================================================================| 100%
    
      |                                                                            
      |                                                                      |   0%
      |                                                                            
      |======                                                                |   9%
      |                                                                            
      |=============                                                         |  18%
      |                                                                            
      |===================                                                   |  27%
      |                                                                            
      |=========================                                             |  36%
      |                                                                            
      |================================                                      |  45%
      |                                                                            
      |======================================                                |  55%
      |                                                                            
      |=============================================                         |  64%
      |                                                                            
      |===================================================                   |  73%
      |                                                                            
      |=========================================================             |  82%
      |                                                                            
      |================================================================      |  91%
      |                                                                            
      |======================================================================| 100%
    [ FAIL 1 | WARN 3 | SKIP 0 | PASS 217 ]
    
    ══ Failed tests ════════════════════════════════════════════════════════════════
    ── Failure ('test-dispersion_plot.R:6:5'): dispersion_plot outputs a ggplot object ──
    all(class(m) == c("gg", "ggplot")) is not TRUE
    
    `actual`:   FALSE
    `expected`: TRUE 
    
    [ FAIL 1 | WARN 3 | SKIP 0 | PASS 217 ]
    Error: Test failures
    Execution halted
Flavor: r-release-linux-x86_64
Version: 2.4.6
Check: tests
Result: ERROR
    Running 'testthat.R' [19s]
  Running the tests in 'tests/testthat.R' failed.
  Complete output:
    > library("testthat")
    > library("qdap")
    Loading required package: qdapDictionaries
    Loading required package: qdapRegex
    Loading required package: qdapTools
    Loading required package: RColorBrewer
    
    Attaching package: 'qdap'
    
    The following objects are masked from 'package:base':
    
        Filter, proportions
    
    > 
    > 
    > test_check("qdap")
    [ FAIL 1 | WARN 3 | SKIP 0 | PASS 217 ]
    
    ══ Failed tests ════════════════════════════════════════════════════════════════
    ── Failure ('test-dispersion_plot.R:6:5'): dispersion_plot outputs a ggplot object ──
    all(class(m) == c("gg", "ggplot")) is not TRUE
    
    `actual`:   FALSE
    `expected`: TRUE 
    
    [ FAIL 1 | WARN 3 | SKIP 0 | PASS 217 ]
    Error: Test failures
    Execution halted
Flavor: r-release-windows-x86_64
Version: 2.4.6
Check: tests
Result: ERROR
    Running 'testthat.R' [26s]
  Running the tests in 'tests/testthat.R' failed.
  Complete output:
    > library("testthat")
    > library("qdap")
    Loading required package: qdapDictionaries
    Loading required package: qdapRegex
    Loading required package: qdapTools
    Loading required package: RColorBrewer
    
    Attaching package: 'qdap'
    
    The following objects are masked from 'package:base':
    
        Filter, proportions
    
    > 
    > 
    > test_check("qdap")
    [ FAIL 1 | WARN 3 | SKIP 0 | PASS 217 ]
    
    ══ Failed tests ════════════════════════════════════════════════════════════════
    ── Failure ('test-dispersion_plot.R:6:5'): dispersion_plot outputs a ggplot object ──
    all(class(m) == c("gg", "ggplot")) is not TRUE
    
    `actual`:   FALSE
    `expected`: TRUE 
    
    [ FAIL 1 | WARN 3 | SKIP 0 | PASS 217 ]
    Error: Test failures
    Execution halted
Flavor: r-oldrel-windows-x86_64