Last updated on 2025-11-26 05:51:46 CET.
| Flavor | Version | Tinstall | Tcheck | Ttotal | Status | Flags |
|---|---|---|---|---|---|---|
| r-devel-linux-x86_64-debian-clang | 1.0.1 | 35.76 | 36.66 | 72.42 | OK | |
| r-devel-linux-x86_64-debian-gcc | 1.0.1 | 26.74 | 28.05 | 54.79 | OK | |
| r-devel-linux-x86_64-fedora-clang | 1.0.1 | 83.00 | 40.83 | 123.83 | OK | |
| r-devel-linux-x86_64-fedora-gcc | 1.0.1 | 117.00 | 8.95 | 125.95 | OK | |
| r-devel-windows-x86_64 | 1.0.1 | 50.00 | 69.00 | 119.00 | OK | |
| r-patched-linux-x86_64 | 1.0.1 | 39.56 | 33.79 | 73.35 | OK | |
| r-release-linux-x86_64 | 1.0.1 | 37.68 | 33.30 | 70.98 | OK | |
| r-release-macos-arm64 | 1.0.1 | OK | ||||
| r-release-macos-x86_64 | 1.0.1 | 58.00 | 47.00 | 105.00 | OK | |
| r-release-windows-x86_64 | 1.0.1 | 45.00 | 83.00 | 128.00 | OK | |
| r-oldrel-macos-arm64 | 1.0.1 | OK | ||||
| r-oldrel-macos-x86_64 | 1.0.1 | 39.00 | 67.00 | 106.00 | OK | |
| r-oldrel-windows-x86_64 | 1.0.1 | 50.00 | 87.00 | 137.00 | WARN |
Version: 1.0.1
Check: whether package can be installed
Result: WARN
Found the following significant warnings:
three_utility_probit_helper_functions.cpp:119:30: warning: overflow in conversion from 'double' to 'int' changes value from '-Inf' to '-2147483648' [-Woverflow]
three_utility_probit_helper_functions.cpp:119:70: warning: overflow in conversion from 'double' to 'int' changes value from '-Inf' to '-2147483648' [-Woverflow]
three_utility_probit_helper_functions.cpp:139:68: warning: overflow in conversion from 'double' to 'int' changes value from '-Inf' to '-2147483648' [-Woverflow]
three_utility_probit_helper_functions.cpp:158:50: warning: overflow in conversion from 'double' to 'int' changes value from '-Inf' to '-2147483648' [-Woverflow]
three_utility_probit_helper_functions.cpp:162:38: warning: overflow in conversion from 'double' to 'int' changes value from '-Inf' to '-2147483648' [-Woverflow]
three_utility_probit_helper_functions.cpp:162:77: warning: overflow in conversion from 'double' to 'int' changes value from '-Inf' to '-2147483648' [-Woverflow]
See 'd:/Rcompile/CRANpkg/local/4.4/pumBayes.Rcheck/00install.out' for details.
* used C++ compiler: 'g++.exe (GCC) 13.3.0'
Flavor: r-oldrel-windows-x86_64