Last updated on 2025-02-10 17:49:19 CET.
Flavor | Version | Tinstall | Tcheck | Ttotal | Status | Flags |
---|---|---|---|---|---|---|
r-devel-linux-x86_64-debian-clang | 1.0.1 | 2.10 | 20.22 | 22.32 | OK | |
r-devel-linux-x86_64-debian-gcc | 1.0.1 | 1.52 | 15.85 | 17.37 | OK | |
r-devel-linux-x86_64-fedora-clang | 1.0.1 | 36.15 | NOTE | |||
r-devel-linux-x86_64-fedora-gcc | 1.0.1 | 33.54 | NOTE | |||
r-devel-windows-x86_64 | 1.0.1 | 3.00 | 45.00 | 48.00 | OK | |
r-patched-linux-x86_64 | 1.0.1 | 2.50 | 19.18 | 21.68 | OK | |
r-release-linux-x86_64 | 1.0.1 | 1.81 | 19.27 | 21.08 | OK | |
r-release-macos-arm64 | 1.0.1 | 16.00 | OK | |||
r-release-macos-x86_64 | 1.0.1 | 23.00 | OK | |||
r-release-windows-x86_64 | 1.0.1 | 4.00 | 45.00 | 49.00 | OK | |
r-oldrel-macos-arm64 | 1.0.1 | 17.00 | OK | |||
r-oldrel-macos-x86_64 | 1.0.1 | 32.00 | OK | |||
r-oldrel-windows-x86_64 | 1.0.1 | 4.00 | 49.00 | 53.00 | OK |
Version: 1.0.1
Check: dependencies in R code
Result: NOTE
Namespace in Imports field not imported from: ‘Rdpack’
All declared Imports should be used.
Flavors: r-devel-linux-x86_64-fedora-clang, r-devel-linux-x86_64-fedora-gcc