Last updated on 2025-02-10 17:49:19 CET.
Flavor | Version | Tinstall | Tcheck | Ttotal | Status | Flags |
---|---|---|---|---|---|---|
r-devel-linux-x86_64-debian-clang | 0.1.3 | 52.38 | 396.92 | 449.30 | OK | |
r-devel-linux-x86_64-debian-gcc | 0.1.3 | 38.06 | 297.62 | 335.68 | OK | |
r-devel-linux-x86_64-fedora-clang | 0.1.3 | 793.18 | OK | |||
r-devel-linux-x86_64-fedora-gcc | 0.1.3 | 719.70 | OK | |||
r-devel-windows-x86_64 | 0.1.3 | 52.00 | 329.00 | 381.00 | WARN | |
r-patched-linux-x86_64 | 0.1.3 | 47.33 | 361.09 | 408.42 | OK | |
r-release-linux-x86_64 | 0.1.3 | 42.96 | 365.55 | 408.51 | OK | |
r-release-macos-arm64 | 0.1.3 | 180.00 | OK | |||
r-release-macos-x86_64 | 0.1.3 | 278.00 | OK | |||
r-release-windows-x86_64 | 0.1.3 | 53.00 | 323.00 | 376.00 | OK | |
r-oldrel-macos-arm64 | 0.1.3 | 17.00 | ERROR | |||
r-oldrel-macos-x86_64 | 0.1.3 | 11.00 | ERROR | |||
r-oldrel-windows-x86_64 | 0.1.3 | 63.00 | 449.00 | 512.00 | OK |
Version: 0.1.3
Check: whether package can be installed
Result: WARN
Found the following significant warnings:
Warning: multiple methods tables found for 'union'
See 'd:/Rcompile/CRANpkg/local/4.5/psSubpathway.Rcheck/00install.out' for details.
* used C compiler: 'gcc.exe (GCC) 13.3.0'
Flavor: r-devel-windows-x86_64
Version: 0.1.3
Check: package dependencies
Result: ERROR
Package required but not available: ‘GSVA’
See section ‘The DESCRIPTION file’ in the ‘Writing R Extensions’
manual.
Flavors: r-oldrel-macos-arm64, r-oldrel-macos-x86_64