Last updated on 2024-08-16 06:50:08 CEST.
Flavor | Version | Tinstall | Tcheck | Ttotal | Status | Flags |
---|---|---|---|---|---|---|
r-devel-linux-x86_64-debian-clang | 0.2.7 | 31.34 | 98.65 | 129.99 | OK | |
r-devel-linux-x86_64-debian-gcc | 0.2.7 | 22.66 | 82.36 | 105.02 | OK | |
r-devel-linux-x86_64-fedora-clang | 0.2.7 | 224.20 | OK | |||
r-devel-linux-x86_64-fedora-gcc | 0.2.7 | 255.09 | OK | |||
r-devel-windows-x86_64 | 0.2.7 | 33.00 | 158.00 | 191.00 | OK | |
r-patched-linux-x86_64 | 0.2.7 | 31.23 | 109.43 | 140.66 | OK | |
r-release-linux-x86_64 | 0.2.7 | 30.84 | 111.57 | 142.41 | OK | |
r-release-macos-arm64 | 0.2.7 | 135.00 | NOTE | |||
r-release-macos-x86_64 | 0.2.7 | 118.00 | NOTE | |||
r-release-windows-x86_64 | 0.2.7 | 36.00 | 155.00 | 191.00 | OK | |
r-oldrel-macos-arm64 | 0.2.7 | 86.00 | NOTE | |||
r-oldrel-macos-x86_64 | 0.2.7 | 192.00 | NOTE | |||
r-oldrel-windows-x86_64 | 0.2.7 | 41.00 | 177.00 | 218.00 | OK |
Version: 0.2.7
Check: installed package size
Result: NOTE
installed size is 7.1Mb
sub-directories of 1Mb or more:
data 2.9Mb
libs 2.7Mb
Flavors: r-release-macos-arm64, r-release-macos-x86_64, r-oldrel-macos-arm64, r-oldrel-macos-x86_64